Last updated on 2022-08-15 08:49:50 CEST.
Flavor | Version | Tinstall | Tcheck | Ttotal | Status | Flags |
---|---|---|---|---|---|---|
r-devel-linux-x86_64-debian-clang | 1.0-15 | 3.01 | 21.15 | 24.16 | OK | |
r-devel-linux-x86_64-debian-gcc | 1.0-15 | 1.96 | 16.68 | 18.64 | OK | |
r-devel-linux-x86_64-fedora-clang | 1.0-15 | 40.47 | NOTE | |||
r-devel-linux-x86_64-fedora-gcc | 1.0-15 | 39.26 | NOTE | |||
r-devel-windows-x86_64 | 1.0-15 | 8.00 | 45.00 | 53.00 | OK | |
r-patched-linux-x86_64 | 1.0-15 | 2.75 | 20.93 | 23.68 | OK | |
r-release-linux-x86_64 | 1.0-15 | 2.35 | 20.53 | 22.88 | OK | |
r-release-macos-arm64 | 1.0-15 | 18.00 | OK | |||
r-release-macos-x86_64 | 1.0-15 | 22.00 | OK | |||
r-release-windows-x86_64 | 1.0-15 | 7.00 | 43.00 | 50.00 | OK | |
r-oldrel-macos-arm64 | 1.0-15 | 21.00 | OK | |||
r-oldrel-macos-x86_64 | 1.0-15 | 28.00 | OK | |||
r-oldrel-windows-ix86+x86_64 | 1.0-15 | 9.00 | 38.00 | 47.00 | OK |
Version: 1.0-15
Check: compiled code
Result: NOTE
File ‘ash/libs/ash.so’:
Found no calls to: ‘R_registerRoutines’, ‘R_useDynamicSymbols’
It is good practice to register native routines and to disable symbol
search.
See ‘Writing portable packages’ in the ‘Writing R Extensions’ manual.
Flavors: r-devel-linux-x86_64-fedora-clang, r-devel-linux-x86_64-fedora-gcc