Last updated on 2022-08-15 08:49:50 CEST.
Flavor | Version | Tinstall | Tcheck | Ttotal | Status | Flags |
---|---|---|---|---|---|---|
r-devel-linux-x86_64-debian-clang | 4.3-31 | 20.87 | 234.54 | 255.41 | NOTE | |
r-devel-linux-x86_64-debian-gcc | 4.3-31 | 15.82 | 170.04 | 185.86 | NOTE | |
r-devel-linux-x86_64-fedora-clang | 4.3-31 | 313.15 | NOTE | |||
r-devel-linux-x86_64-fedora-gcc | 4.3-31 | 294.89 | NOTE | |||
r-devel-windows-x86_64 | 4.3-31 | 115.00 | 271.00 | 386.00 | NOTE | |
r-patched-linux-x86_64 | 4.3-31 | 28.02 | 224.24 | 252.26 | NOTE | |
r-release-linux-x86_64 | 4.3-31 | 18.35 | 214.81 | 233.16 | NOTE | |
r-release-macos-arm64 | 4.3-31 | 77.00 | NOTE | |||
r-release-macos-x86_64 | 4.3-31 | 138.00 | NOTE | |||
r-release-windows-x86_64 | 4.3-31 | 137.00 | 258.00 | 395.00 | NOTE | |
r-oldrel-macos-arm64 | 4.3-31 | 67.00 | NOTE | |||
r-oldrel-macos-x86_64 | 4.3-31 | 105.00 | NOTE | |||
r-oldrel-windows-ix86+x86_64 | 4.3-31 | 41.00 | 260.00 | 301.00 | NOTE |
Version: 4.3-31
Check: package dependencies
Result: NOTE
Package which this enhances but not available for checking: 'asreml'
Flavors: r-devel-linux-x86_64-debian-clang, r-devel-linux-x86_64-debian-gcc, r-devel-linux-x86_64-fedora-clang, r-devel-linux-x86_64-fedora-gcc, r-devel-windows-x86_64, r-patched-linux-x86_64, r-release-linux-x86_64, r-release-macos-arm64, r-release-macos-x86_64, r-release-windows-x86_64, r-oldrel-macos-arm64, r-oldrel-macos-x86_64, r-oldrel-windows-ix86+x86_64
Version: 4.3-31
Check: Rd files
Result: NOTE
checkRd: (-1) Ladybird.dat.Rd:15: Escaped LaTeX specials: \&
checkRd: (-1) infoCriteria.asreml.Rd:79: Escaped LaTeX specials: \&
Flavors: r-devel-linux-x86_64-debian-clang, r-devel-linux-x86_64-debian-gcc, r-devel-linux-x86_64-fedora-clang, r-devel-linux-x86_64-fedora-gcc, r-devel-windows-x86_64