Last updated on 2022-08-15 08:49:50 CEST.
Flavor | Version | Tinstall | Tcheck | Ttotal | Status | Flags |
---|---|---|---|---|---|---|
r-devel-linux-x86_64-debian-clang | 0.2.8 | 2.58 | 35.65 | 38.23 | NOTE | |
r-devel-linux-x86_64-debian-gcc | 0.2.8 | 2.30 | 27.01 | 29.31 | NOTE | |
r-devel-linux-x86_64-fedora-clang | 0.2.8 | 57.56 | NOTE | |||
r-devel-linux-x86_64-fedora-gcc | 0.2.8 | 55.11 | NOTE | |||
r-devel-windows-x86_64 | 0.2.8 | 26.00 | 75.00 | 101.00 | NOTE | |
r-patched-linux-x86_64 | 0.2.8 | 2.56 | 34.38 | 36.94 | NOTE | |
r-release-linux-x86_64 | 0.2.8 | 2.55 | 34.10 | 36.65 | NOTE | |
r-release-macos-arm64 | 0.2.8 | 25.00 | NOTE | |||
r-release-macos-x86_64 | 0.2.8 | 37.00 | NOTE | |||
r-release-windows-x86_64 | 0.2.8 | 24.00 | 75.00 | 99.00 | NOTE | |
r-oldrel-macos-arm64 | 0.2.8 | 35.00 | NOTE | |||
r-oldrel-macos-x86_64 | 0.2.8 | 43.00 | NOTE | |||
r-oldrel-windows-ix86+x86_64 | 0.2.8 | 7.00 | 65.00 | 72.00 | NOTE |
Version: 0.2.8
Check: LazyData
Result: NOTE
'LazyData' is specified without a 'data' directory
Flavors: r-devel-linux-x86_64-debian-clang, r-devel-linux-x86_64-debian-gcc, r-devel-linux-x86_64-fedora-clang, r-devel-linux-x86_64-fedora-gcc, r-devel-windows-x86_64, r-patched-linux-x86_64, r-release-linux-x86_64, r-release-macos-arm64, r-release-macos-x86_64, r-release-windows-x86_64, r-oldrel-macos-arm64, r-oldrel-macos-x86_64, r-oldrel-windows-ix86+x86_64