Last updated on 2022-08-15 08:49:50 CEST.
Flavor | Version | Tinstall | Tcheck | Ttotal | Status | Flags |
---|---|---|---|---|---|---|
r-devel-linux-x86_64-debian-clang | 0.0-2 | 2.28 | 28.83 | 31.11 | NOTE | |
r-devel-linux-x86_64-debian-gcc | 0.0-2 | 2.03 | 22.12 | 24.15 | NOTE | |
r-devel-linux-x86_64-fedora-clang | 0.0-2 | 48.71 | NOTE | |||
r-devel-linux-x86_64-fedora-gcc | 0.0-2 | 47.22 | NOTE | |||
r-devel-windows-x86_64 | 0.0-2 | 47.00 | 55.00 | 102.00 | NOTE | |
r-patched-linux-x86_64 | 0.0-2 | 2.67 | 28.19 | 30.86 | NOTE | |
r-release-linux-x86_64 | 0.0-2 | 2.63 | 27.94 | 30.57 | NOTE | |
r-release-macos-arm64 | 0.0-2 | 18.00 | NOTE | |||
r-release-macos-x86_64 | 0.0-2 | 22.00 | NOTE | |||
r-release-windows-x86_64 | 0.0-2 | 44.00 | 53.00 | 97.00 | NOTE | |
r-oldrel-macos-arm64 | 0.0-2 | 21.00 | NOTE | |||
r-oldrel-macos-x86_64 | 0.0-2 | 31.00 | NOTE | |||
r-oldrel-windows-ix86+x86_64 | 0.0-2 | 5.00 | 48.00 | 53.00 | NOTE |
Version: 0.0-2
Check: LazyData
Result: NOTE
'LazyData' is specified without a 'data' directory
Flavors: r-devel-linux-x86_64-debian-clang, r-devel-linux-x86_64-debian-gcc, r-devel-linux-x86_64-fedora-clang, r-devel-linux-x86_64-fedora-gcc, r-devel-windows-x86_64, r-patched-linux-x86_64, r-release-linux-x86_64, r-release-macos-arm64, r-release-macos-x86_64, r-release-windows-x86_64, r-oldrel-macos-arm64, r-oldrel-macos-x86_64, r-oldrel-windows-ix86+x86_64