Last updated on 2022-08-15 08:49:50 CEST.
Flavor | Version | Tinstall | Tcheck | Ttotal | Status | Flags |
---|---|---|---|---|---|---|
r-devel-linux-x86_64-debian-clang | 0.3-6 | 3.84 | 43.75 | 47.59 | NOTE | |
r-devel-linux-x86_64-debian-gcc | 0.3-6 | 3.08 | 34.25 | 37.33 | NOTE | |
r-devel-linux-x86_64-fedora-clang | 0.3-6 | 70.11 | NOTE | |||
r-devel-linux-x86_64-fedora-gcc | 0.3-6 | 65.22 | NOTE | |||
r-devel-windows-x86_64 | 0.3-6 | 61.00 | 88.00 | 149.00 | NOTE | |
r-patched-linux-x86_64 | 0.3-6 | 5.57 | 42.85 | 48.42 | NOTE | |
r-release-linux-x86_64 | 0.3-6 | 3.90 | 42.12 | 46.02 | NOTE | |
r-release-macos-arm64 | 0.3-6 | 25.00 | NOTE | |||
r-release-macos-x86_64 | 0.3-6 | 37.00 | NOTE | |||
r-release-windows-x86_64 | 0.3-6 | 80.00 | 89.00 | 169.00 | NOTE | |
r-oldrel-macos-arm64 | 0.3-6 | 34.00 | NOTE | |||
r-oldrel-macos-x86_64 | 0.3-6 | 50.00 | NOTE | |||
r-oldrel-windows-ix86+x86_64 | 0.3-6 | 11.00 | 61.00 | 72.00 | NOTE |
Version: 0.3-6
Check: LazyData
Result: NOTE
'LazyData' is specified without a 'data' directory
Flavors: r-devel-linux-x86_64-debian-clang, r-devel-linux-x86_64-debian-gcc, r-devel-linux-x86_64-fedora-clang, r-devel-linux-x86_64-fedora-gcc, r-devel-windows-x86_64, r-patched-linux-x86_64, r-release-linux-x86_64, r-release-macos-arm64, r-release-macos-x86_64, r-release-windows-x86_64, r-oldrel-macos-arm64, r-oldrel-macos-x86_64, r-oldrel-windows-ix86+x86_64