Last updated on 2022-08-15 08:49:50 CEST.
Flavor | Version | Tinstall | Tcheck | Ttotal | Status | Flags |
---|---|---|---|---|---|---|
r-devel-linux-x86_64-debian-clang | 1.4.1 | 51.64 | 114.97 | 166.61 | NOTE | |
r-devel-linux-x86_64-debian-gcc | 1.4.1 | 36.24 | 87.18 | 123.42 | NOTE | |
r-devel-linux-x86_64-fedora-clang | 1.4.1 | 217.16 | NOTE | |||
r-devel-linux-x86_64-fedora-gcc | 1.4.1 | 218.30 | NOTE | |||
r-devel-windows-x86_64 | 1.4.1 | 72.00 | 157.00 | 229.00 | NOTE | |
r-patched-linux-x86_64 | 1.4.1 | 46.66 | 113.81 | 160.47 | NOTE | |
r-release-linux-x86_64 | 1.4.1 | 37.79 | 110.82 | 148.61 | NOTE | |
r-release-macos-arm64 | 1.4.1 | 58.00 | NOTE | |||
r-release-macos-x86_64 | 1.4.1 | 70.00 | NOTE | |||
r-release-windows-x86_64 | 1.4.1 | 81.00 | 165.00 | 246.00 | NOTE | |
r-oldrel-macos-arm64 | 1.4.1 | 54.00 | NOTE | |||
r-oldrel-macos-x86_64 | 1.4.1 | 69.00 | NOTE | |||
r-oldrel-windows-ix86+x86_64 | 1.4.1 | 115.00 | 169.00 | 284.00 | NOTE |
Version: 1.4.1
Check: package dependencies
Result: NOTE
Package suggested but not available for checking: 'asteRiskData'
Flavors: r-devel-linux-x86_64-debian-clang, r-devel-linux-x86_64-debian-gcc, r-devel-linux-x86_64-fedora-clang, r-devel-linux-x86_64-fedora-gcc, r-devel-windows-x86_64, r-patched-linux-x86_64, r-release-linux-x86_64, r-release-macos-arm64, r-release-macos-x86_64, r-release-windows-x86_64, r-oldrel-macos-arm64, r-oldrel-macos-x86_64, r-oldrel-windows-ix86+x86_64
Version: 1.4.1
Check: for GNU extensions in Makefiles
Result: NOTE
GNU make is a SystemRequirements.
Flavors: r-devel-linux-x86_64-debian-clang, r-devel-linux-x86_64-debian-gcc, r-devel-linux-x86_64-fedora-clang, r-devel-linux-x86_64-fedora-gcc, r-devel-windows-x86_64, r-patched-linux-x86_64, r-release-linux-x86_64, r-release-macos-arm64, r-release-macos-x86_64, r-release-windows-x86_64, r-oldrel-macos-arm64, r-oldrel-macos-x86_64, r-oldrel-windows-ix86+x86_64
Version: 1.4.1
Check: installed package size
Result: NOTE
installed size is 5.1Mb
sub-directories of 1Mb or more:
doc 2.6Mb
libs 1.1Mb
Flavors: r-devel-windows-x86_64, r-release-macos-arm64, r-release-macos-x86_64, r-release-windows-x86_64, r-oldrel-macos-arm64, r-oldrel-macos-x86_64, r-oldrel-windows-ix86+x86_64