Last updated on 2022-08-15 08:49:50 CEST.
Flavor | Version | Tinstall | Tcheck | Ttotal | Status | Flags |
---|---|---|---|---|---|---|
r-devel-linux-x86_64-debian-clang | 0.2.1 | 3.62 | 47.51 | 51.13 | NOTE | |
r-devel-linux-x86_64-debian-gcc | 0.2.1 | 3.38 | 36.72 | 40.10 | NOTE | |
r-devel-linux-x86_64-fedora-clang | 0.2.1 | 72.78 | NOTE | |||
r-devel-linux-x86_64-fedora-gcc | 0.2.1 | 76.20 | NOTE | |||
r-devel-windows-x86_64 | 0.2.1 | 14.00 | 77.00 | 91.00 | OK | |
r-patched-linux-x86_64 | 0.2.1 | 7.37 | 47.37 | 54.74 | OK | |
r-release-linux-x86_64 | 0.2.1 | 4.81 | 46.45 | 51.26 | OK | |
r-release-macos-arm64 | 0.2.1 | 28.00 | OK | |||
r-release-macos-x86_64 | 0.2.1 | 33.00 | OK | |||
r-release-windows-x86_64 | 0.2.1 | 19.00 | 77.00 | 96.00 | OK | |
r-oldrel-macos-arm64 | 0.2.1 | 26.00 | OK | |||
r-oldrel-macos-x86_64 | 0.2.1 | 34.00 | OK | |||
r-oldrel-windows-ix86+x86_64 | 0.2.1 | 11.00 | 71.00 | 82.00 | OK |
Version: 0.2.1
Check: HTML version of manual
Result: NOTE
Found the following HTML validation problems:
gen.html:82:83: Warning: inserting implicit <p>
gen.html:87:54: Warning: inserting implicit <p>
gen.html:82:83: Warning: trimming empty <p>
gen.html:87:54: Warning: trimming empty <p>
Flavors: r-devel-linux-x86_64-debian-clang, r-devel-linux-x86_64-debian-gcc, r-devel-linux-x86_64-fedora-clang, r-devel-linux-x86_64-fedora-gcc