Last updated on 2022-08-15 08:49:50 CEST.
Flavor | Version | Tinstall | Tcheck | Ttotal | Status | Flags |
---|---|---|---|---|---|---|
r-devel-linux-x86_64-debian-clang | 0.3.1 | 2.77 | 38.56 | 41.33 | NOTE | |
r-devel-linux-x86_64-debian-gcc | 0.3.1 | 1.88 | 30.52 | 32.40 | NOTE | |
r-devel-linux-x86_64-fedora-clang | 0.3.1 | 60.89 | NOTE | |||
r-devel-linux-x86_64-fedora-gcc | 0.3.1 | 57.84 | NOTE | |||
r-devel-windows-x86_64 | 0.3.1 | 20.00 | 77.00 | 97.00 | NOTE | |
r-patched-linux-x86_64 | 0.3.1 | 2.38 | 37.28 | 39.66 | NOTE | |
r-release-linux-x86_64 | 0.3.1 | 2.73 | 37.12 | 39.85 | NOTE | |
r-release-macos-arm64 | 0.3.1 | 22.00 | NOTE | |||
r-release-macos-x86_64 | 0.3.1 | 34.00 | NOTE | |||
r-release-windows-x86_64 | 0.3.1 | 23.00 | 77.00 | 100.00 | NOTE | |
r-oldrel-macos-arm64 | 0.3.1 | 24.00 | NOTE | |||
r-oldrel-macos-x86_64 | 0.3.1 | 38.00 | NOTE | |||
r-oldrel-windows-ix86+x86_64 | 0.3.1 | 7.00 | 62.00 | 69.00 | NOTE |
Version: 0.3.1
Check: LazyData
Result: NOTE
'LazyData' is specified without a 'data' directory
Flavors: r-devel-linux-x86_64-debian-clang, r-devel-linux-x86_64-debian-gcc, r-devel-linux-x86_64-fedora-clang, r-devel-linux-x86_64-fedora-gcc, r-devel-windows-x86_64, r-patched-linux-x86_64, r-release-linux-x86_64, r-release-macos-arm64, r-release-macos-x86_64, r-release-windows-x86_64, r-oldrel-macos-arm64, r-oldrel-macos-x86_64, r-oldrel-windows-ix86+x86_64