Last updated on 2022-08-15 08:49:50 CEST.
Flavor | Version | Tinstall | Tcheck | Ttotal | Status | Flags |
---|---|---|---|---|---|---|
r-devel-linux-x86_64-debian-clang | 2021.1.2 | 3.58 | 212.03 | 215.61 | OK | |
r-devel-linux-x86_64-debian-gcc | 2021.1.2 | 2.92 | 157.57 | 160.49 | OK | |
r-devel-linux-x86_64-fedora-clang | 2021.1.2 | 251.93 | NOTE | |||
r-devel-linux-x86_64-fedora-gcc | 2021.1.2 | 247.08 | NOTE | |||
r-devel-windows-x86_64 | 2021.1.2 | 11.00 | 267.00 | 278.00 | OK | |
r-patched-linux-x86_64 | 2021.1.2 | 2.81 | 209.88 | 212.69 | OK | |
r-release-linux-x86_64 | 2021.1.2 | 3.15 | 204.86 | 208.01 | OK | |
r-release-macos-arm64 | 2021.1.2 | 78.00 | NOTE | |||
r-release-macos-x86_64 | 2021.1.2 | 130.00 | NOTE | |||
r-release-windows-x86_64 | 2021.1.2 | 15.00 | 234.00 | 249.00 | OK | |
r-oldrel-macos-arm64 | 2021.1.2 | 109.00 | NOTE | |||
r-oldrel-macos-x86_64 | 2021.1.2 | 120.00 | NOTE | |||
r-oldrel-windows-ix86+x86_64 | 2021.1.2 | 9.00 | 238.00 | 247.00 | OK |
Version: 2021.1.2
Check: dependencies in R code
Result: NOTE
Namespaces in Imports field not imported from:
‘dlnm’ ‘ggplot2’ ‘lubridate’ ‘mvmeta’ ‘pbs’ ‘tsModel’
All declared Imports should be used.
Flavors: r-devel-linux-x86_64-fedora-clang, r-devel-linux-x86_64-fedora-gcc, r-release-macos-arm64, r-release-macos-x86_64, r-oldrel-macos-arm64, r-oldrel-macos-x86_64