Last updated on 2022-08-15 08:49:50 CEST.
Flavor | Version | Tinstall | Tcheck | Ttotal | Status | Flags |
---|---|---|---|---|---|---|
r-devel-linux-x86_64-debian-clang | 0.1-10 | 6.85 | 25.51 | 32.36 | NOTE | |
r-devel-linux-x86_64-debian-gcc | 0.1-10 | 4.35 | 19.76 | 24.11 | NOTE | |
r-devel-linux-x86_64-fedora-clang | 0.1-10 | 49.64 | OK | |||
r-devel-linux-x86_64-fedora-gcc | 0.1-10 | 47.37 | OK | |||
r-devel-windows-x86_64 | 0.1-10 | 20.00 | 48.00 | 68.00 | OK | |
r-patched-linux-x86_64 | 0.1-10 | 5.17 | 25.25 | 30.42 | NOTE | |
r-release-linux-x86_64 | 0.1-10 | 4.83 | 25.11 | 29.94 | NOTE | |
r-release-macos-arm64 | 0.1-10 | 21.00 | OK | |||
r-release-macos-x86_64 | 0.1-10 | 27.00 | OK | |||
r-release-windows-x86_64 | 0.1-10 | 19.00 | 46.00 | 65.00 | OK | |
r-oldrel-macos-arm64 | 0.1-10 | 33.00 | OK | |||
r-oldrel-macos-x86_64 | 0.1-10 | 37.00 | OK | |||
r-oldrel-windows-ix86+x86_64 | 0.1-10 | 17.00 | 36.00 | 53.00 | OK |
Version: 0.1-10
Check: compiled code
Result: NOTE
File 'audio/libs/audio.so':
Found non-API call to R: 'R_checkActivity'
Compiled code should not call non-API entry points in R.
See 'Writing portable packages' in the 'Writing R Extensions' manual.
Flavors: r-devel-linux-x86_64-debian-clang, r-devel-linux-x86_64-debian-gcc, r-patched-linux-x86_64, r-release-linux-x86_64