Last updated on 2022-08-15 08:49:50 CEST.
Flavor | Version | Tinstall | Tcheck | Ttotal | Status | Flags |
---|---|---|---|---|---|---|
r-devel-linux-x86_64-debian-clang | 1.3.3 | 12.19 | 243.64 | 255.83 | OK | |
r-devel-linux-x86_64-debian-gcc | 1.3.3 | 9.20 | 179.34 | 188.54 | OK | |
r-devel-linux-x86_64-fedora-clang | 1.3.3 | 307.84 | NOTE | |||
r-devel-linux-x86_64-fedora-gcc | 1.3.3 | 296.65 | OK | |||
r-devel-windows-x86_64 | 1.3.3 | 59.00 | 345.00 | 404.00 | OK | |
r-patched-linux-x86_64 | 1.3.3 | 11.49 | 228.05 | 239.54 | OK | |
r-release-linux-x86_64 | 1.3.3 | 7.64 | 222.10 | 229.74 | OK | |
r-release-macos-arm64 | 1.3.3 | 98.00 | OK | |||
r-release-macos-x86_64 | 1.3.3 | 164.00 | OK | |||
r-release-windows-x86_64 | 1.3.3 | 57.00 | 314.00 | 371.00 | OK | |
r-oldrel-macos-arm64 | 1.3.3 | 156.00 | OK | |||
r-oldrel-macos-x86_64 | 1.3.3 | 131.00 | OK | |||
r-oldrel-windows-ix86+x86_64 | 1.3.3 | 23.00 | 314.00 | 337.00 | OK |
Version: 1.3.3
Check: Rd cross-references
Result: NOTE
Undeclared package ‘gtable’ in Rd xrefs
Flavor: r-devel-linux-x86_64-fedora-clang