Last updated on 2022-08-15 08:49:50 CEST.
Flavor | Version | Tinstall | Tcheck | Ttotal | Status | Flags |
---|---|---|---|---|---|---|
r-devel-linux-x86_64-debian-clang | 0.5.1 | 5.60 | 96.42 | 102.02 | OK | |
r-devel-linux-x86_64-debian-gcc | 0.5.1 | 5.65 | 72.96 | 78.61 | OK | |
r-devel-linux-x86_64-fedora-clang | 0.5.1 | 128.15 | NOTE | |||
r-devel-linux-x86_64-fedora-gcc | 0.5.1 | 126.29 | NOTE | |||
r-devel-windows-x86_64 | 0.5.1 | 29.00 | 142.00 | 171.00 | OK | |
r-patched-linux-x86_64 | 0.5.1 | 10.95 | 91.86 | 102.81 | OK | |
r-release-linux-x86_64 | 0.5.1 | 6.97 | 93.68 | 100.65 | OK | |
r-release-macos-arm64 | 0.5.1 | 49.00 | NOTE | |||
r-release-macos-x86_64 | 0.5.1 | 82.00 | NOTE | |||
r-release-windows-x86_64 | 0.5.1 | 32.00 | 152.00 | 184.00 | OK | |
r-oldrel-macos-arm64 | 0.5.1 | 47.00 | NOTE | |||
r-oldrel-macos-x86_64 | 0.5.1 | 65.00 | NOTE | |||
r-oldrel-windows-ix86+x86_64 | 0.5.1 | 14.00 | 136.00 | 150.00 | OK |
Version: 0.5.1
Check: dependencies in R code
Result: NOTE
Namespace in Imports field not imported from: ‘utils’
All declared Imports should be used.
Flavors: r-devel-linux-x86_64-fedora-clang, r-devel-linux-x86_64-fedora-gcc, r-release-macos-arm64, r-release-macos-x86_64, r-oldrel-macos-arm64, r-oldrel-macos-x86_64
Version: 0.5.1
Check: data for non-ASCII characters
Result: NOTE
Note: found 552 marked UTF-8 strings
Flavors: r-devel-linux-x86_64-fedora-clang, r-devel-linux-x86_64-fedora-gcc, r-release-macos-arm64, r-release-macos-x86_64, r-oldrel-macos-arm64, r-oldrel-macos-x86_64