Last updated on 2022-08-15 08:49:50 CEST.
Flavor | Version | Tinstall | Tcheck | Ttotal | Status | Flags |
---|---|---|---|---|---|---|
r-devel-linux-x86_64-debian-clang | 0.1.0 | 16.17 | 112.64 | 128.81 | OK | |
r-devel-linux-x86_64-debian-gcc | 0.1.0 | 13.41 | 82.79 | 96.20 | OK | |
r-devel-linux-x86_64-fedora-clang | 0.1.0 | 163.92 | NOTE | |||
r-devel-linux-x86_64-fedora-gcc | 0.1.0 | 168.08 | NOTE | |||
r-devel-windows-x86_64 | 0.1.0 | 133.00 | 137.00 | 270.00 | OK | |
r-patched-linux-x86_64 | 0.1.0 | 11.36 | 108.06 | 119.42 | OK | |
r-release-linux-x86_64 | 0.1.0 | 10.60 | 104.11 | 114.71 | OK | |
r-release-macos-arm64 | 0.1.0 | 44.00 | NOTE | |||
r-release-macos-x86_64 | 0.1.0 | 77.00 | NOTE | |||
r-release-windows-x86_64 | 0.1.0 | 107.00 | 128.00 | 235.00 | OK | |
r-oldrel-macos-arm64 | 0.1.0 | 52.00 | NOTE | |||
r-oldrel-macos-x86_64 | 0.1.0 | 85.00 | NOTE | |||
r-oldrel-windows-ix86+x86_64 | 0.1.0 | 34.00 | 128.00 | 162.00 | OK |
Version: 0.1.0
Check: dependencies in R code
Result: NOTE
Namespace in Imports field not imported from: ‘abind’
All declared Imports should be used.
Flavors: r-devel-linux-x86_64-fedora-clang, r-devel-linux-x86_64-fedora-gcc, r-release-macos-arm64, r-release-macos-x86_64, r-oldrel-macos-arm64, r-oldrel-macos-x86_64