Last updated on 2022-08-15 08:49:51 CEST.
Flavor | Version | Tinstall | Tcheck | Ttotal | Status | Flags |
---|---|---|---|---|---|---|
r-devel-linux-x86_64-debian-clang | 1.0.12 | 9.46 | 82.59 | 92.05 | NOTE | |
r-devel-linux-x86_64-debian-gcc | 1.0.12 | 7.96 | 63.92 | 71.88 | NOTE | |
r-devel-linux-x86_64-fedora-clang | 1.0.12 | 124.20 | NOTE | |||
r-devel-linux-x86_64-fedora-gcc | 1.0.12 | 122.93 | NOTE | |||
r-devel-windows-x86_64 | 1.0.12 | 17.00 | 108.00 | 125.00 | NOTE | |
r-patched-linux-x86_64 | 1.0.12 | 7.79 | 82.43 | 90.22 | NOTE | |
r-release-linux-x86_64 | 1.0.12 | 9.21 | 79.66 | 88.87 | NOTE | |
r-release-macos-arm64 | 1.0.12 | 33.00 | NOTE | |||
r-release-macos-x86_64 | 1.0.12 | 50.00 | NOTE | |||
r-release-windows-x86_64 | 1.0.12 | 26.00 | 105.00 | 131.00 | NOTE | |
r-oldrel-macos-arm64 | 1.0.12 | 43.00 | NOTE | |||
r-oldrel-macos-x86_64 | 1.0.12 | 66.00 | NOTE | |||
r-oldrel-windows-ix86+x86_64 | 1.0.12 | 20.00 | 102.00 | 122.00 | NOTE |
Version: 1.0.12
Check: LazyData
Result: NOTE
'LazyData' is specified without a 'data' directory
Flavors: r-devel-linux-x86_64-debian-clang, r-devel-linux-x86_64-debian-gcc, r-devel-linux-x86_64-fedora-clang, r-devel-linux-x86_64-fedora-gcc, r-devel-windows-x86_64, r-patched-linux-x86_64, r-release-linux-x86_64, r-release-macos-arm64, r-release-macos-x86_64, r-release-windows-x86_64, r-oldrel-macos-arm64, r-oldrel-macos-x86_64, r-oldrel-windows-ix86+x86_64
Version: 1.0.12
Check: Rd cross-references
Result: NOTE
Undeclared package ‘tensorflow’ in Rd xrefs
Flavor: r-devel-linux-x86_64-fedora-clang