Last updated on 2022-08-15 08:49:51 CEST.
Flavor | Version | Tinstall | Tcheck | Ttotal | Status | Flags |
---|---|---|---|---|---|---|
r-devel-linux-x86_64-debian-clang | 0.3.0 | 4.10 | 120.57 | 124.67 | OK | |
r-devel-linux-x86_64-debian-gcc | 0.3.0 | 3.22 | 81.48 | 84.70 | OK | |
r-devel-linux-x86_64-fedora-clang | 0.3.0 | 144.97 | NOTE | |||
r-devel-linux-x86_64-fedora-gcc | 0.3.0 | 151.45 | NOTE | |||
r-devel-windows-x86_64 | 0.3.0 | 123.00 | 150.00 | 273.00 | OK | |
r-patched-linux-x86_64 | 0.3.0 | 5.56 | 101.98 | 107.54 | OK | |
r-release-linux-x86_64 | 0.3.0 | 4.76 | 98.77 | 103.53 | OK | |
r-release-macos-arm64 | 0.3.0 | 47.00 | NOTE | |||
r-release-macos-x86_64 | 0.3.0 | 83.00 | NOTE | |||
r-release-windows-x86_64 | 0.3.0 | 129.00 | 141.00 | 270.00 | OK | |
r-oldrel-macos-arm64 | 0.3.0 | 54.00 | NOTE | |||
r-oldrel-macos-x86_64 | 0.3.0 | 68.00 | NOTE | |||
r-oldrel-windows-ix86+x86_64 | 0.3.0 | 14.00 | 142.00 | 156.00 | OK |
Version: 0.3.0
Check: package dependencies
Result: NOTE
Imports includes 44 non-default packages.
Importing from so many packages makes the package vulnerable to any of
them becoming unavailable. Move as many as possible to Suggests and
use conditionally.
Flavor: r-devel-linux-x86_64-fedora-clang
Version: 0.3.0
Check: dependencies in R code
Result: NOTE
Namespaces in Imports field not imported from:
‘BBmisc’ ‘Ckmeans.1d.dp’ ‘Matrix’ ‘broom.mixed’ ‘ggstance’ ‘glmnet’
‘hardhat’
All declared Imports should be used.
Flavors: r-devel-linux-x86_64-fedora-clang, r-devel-linux-x86_64-fedora-gcc, r-release-macos-arm64, r-release-macos-x86_64, r-oldrel-macos-arm64, r-oldrel-macos-x86_64