Last updated on 2022-08-15 08:49:51 CEST.
Flavor | Version | Tinstall | Tcheck | Ttotal | Status | Flags |
---|---|---|---|---|---|---|
r-devel-linux-x86_64-debian-clang | 0.1.8 | 5.07 | 54.55 | 59.62 | NOTE | |
r-devel-linux-x86_64-debian-gcc | 0.1.8 | 4.28 | 41.66 | 45.94 | NOTE | |
r-devel-linux-x86_64-fedora-clang | 0.1.8 | 83.36 | NOTE | |||
r-devel-linux-x86_64-fedora-gcc | 0.1.8 | 80.50 | NOTE | |||
r-devel-windows-x86_64 | 0.1.8 | 21.00 | 107.00 | 128.00 | NOTE | |
r-patched-linux-x86_64 | 0.1.8 | 5.81 | 54.05 | 59.86 | NOTE | |
r-release-linux-x86_64 | 0.1.8 | 3.53 | 51.30 | 54.83 | NOTE | |
r-release-macos-arm64 | 0.1.8 | 27.00 | NOTE | |||
r-release-macos-x86_64 | 0.1.8 | 37.00 | NOTE | |||
r-release-windows-x86_64 | 0.1.8 | 15.00 | 110.00 | 125.00 | NOTE | |
r-oldrel-macos-arm64 | 0.1.8 | 31.00 | NOTE | |||
r-oldrel-macos-x86_64 | 0.1.8 | 52.00 | NOTE | |||
r-oldrel-windows-ix86+x86_64 | 0.1.8 | 19.00 | 86.00 | 105.00 | NOTE |
Version: 0.1.8
Check: LazyData
Result: NOTE
'LazyData' is specified without a 'data' directory
Flavors: r-devel-linux-x86_64-debian-clang, r-devel-linux-x86_64-debian-gcc, r-devel-linux-x86_64-fedora-clang, r-devel-linux-x86_64-fedora-gcc, r-devel-windows-x86_64, r-patched-linux-x86_64, r-release-linux-x86_64, r-release-macos-arm64, r-release-macos-x86_64, r-release-windows-x86_64, r-oldrel-macos-arm64, r-oldrel-macos-x86_64, r-oldrel-windows-ix86+x86_64