Last updated on 2022-08-15 08:49:51 CEST.
Flavor | Version | Tinstall | Tcheck | Ttotal | Status | Flags |
---|---|---|---|---|---|---|
r-devel-linux-x86_64-debian-clang | 1.0.5 | 16.27 | 155.45 | 171.72 | NOTE | |
r-devel-linux-x86_64-debian-gcc | 1.0.5 | 13.72 | 115.48 | 129.20 | NOTE | |
r-devel-linux-x86_64-fedora-clang | 1.0.5 | 222.64 | NOTE | |||
r-devel-linux-x86_64-fedora-gcc | 1.0.5 | 193.29 | NOTE | |||
r-devel-windows-x86_64 | 1.0.5 | 351.00 | 219.00 | 570.00 | NOTE | |
r-patched-linux-x86_64 | 1.0.5 | 26.98 | 126.52 | 153.50 | OK | |
r-release-linux-x86_64 | 1.0.5 | 15.81 | 124.39 | 140.20 | OK | |
r-release-macos-arm64 | 1.0.5 | 50.00 | OK | |||
r-release-macos-x86_64 | 1.0.5 | 77.00 | OK | |||
r-release-windows-x86_64 | 1.0.5 | 339.00 | 221.00 | 560.00 | OK | |
r-oldrel-macos-arm64 | 1.0.5 | 54.00 | OK | |||
r-oldrel-macos-x86_64 | 1.0.5 | 76.00 | OK | |||
r-oldrel-windows-ix86+x86_64 | 1.0.5 | 39.00 | 179.00 | 218.00 | OK |
Version: 1.0.5
Check: Rd files
Result: NOTE
checkRd: (-1) ec2_create_security_group.Rd:66: Escaped LaTeX specials: \#
checkRd: (-1) ec2_create_security_group.Rd:66: Escaped LaTeX specials: \$
checkRd: (-1) ec2_create_security_group.Rd:79: Escaped LaTeX specials: \#
checkRd: (-1) ec2_create_security_group.Rd:79: Escaped LaTeX specials: \$
Flavors: r-devel-linux-x86_64-debian-clang, r-devel-linux-x86_64-debian-gcc, r-devel-linux-x86_64-fedora-clang, r-devel-linux-x86_64-fedora-gcc, r-devel-windows-x86_64