Last updated on 2022-08-15 08:49:52 CEST.
Flavor | Version | Tinstall | Tcheck | Ttotal | Status | Flags |
---|---|---|---|---|---|---|
r-devel-linux-x86_64-debian-clang | 1.0.8 | 36.75 | 379.35 | 416.10 | OK | |
r-devel-linux-x86_64-debian-gcc | 1.0.8 | 30.63 | 277.35 | 307.98 | OK | |
r-devel-linux-x86_64-fedora-clang | 1.0.8 | 497.63 | NOTE | |||
r-devel-linux-x86_64-fedora-gcc | 1.0.8 | 540.45 | NOTE | |||
r-devel-windows-x86_64 | 1.0.8 | 56.00 | 412.00 | 468.00 | OK | |
r-patched-linux-x86_64 | 1.0.8 | 33.10 | 364.51 | 397.61 | OK | |
r-release-linux-x86_64 | 1.0.8 | 35.83 | 364.61 | 400.44 | OK | |
r-release-macos-arm64 | 1.0.8 | 144.00 | NOTE | |||
r-release-macos-x86_64 | 1.0.8 | 179.00 | NOTE | |||
r-release-windows-x86_64 | 1.0.8 | 50.00 | 397.00 | 447.00 | OK | |
r-oldrel-macos-arm64 | 1.0.8 | 125.00 | NOTE | |||
r-oldrel-macos-x86_64 | 1.0.8 | 177.00 | NOTE | |||
r-oldrel-windows-ix86+x86_64 | 1.0.8 | 17.00 | 17.00 | 34.00 | ERROR |
Version: 1.0.8
Check: data for non-ASCII characters
Result: NOTE
Note: found 2487 marked UTF-8 strings
Flavors: r-devel-linux-x86_64-fedora-clang, r-devel-linux-x86_64-fedora-gcc, r-release-macos-arm64, r-release-macos-x86_64, r-oldrel-macos-arm64, r-oldrel-macos-x86_64
Version: 1.0.8
Check: whether package can be installed
Result: ERROR
Installation failed.
Flavor: r-oldrel-windows-ix86+x86_64