Last updated on 2022-08-15 08:49:51 CEST.
Flavor | Version | Tinstall | Tcheck | Ttotal | Status | Flags |
---|---|---|---|---|---|---|
r-devel-linux-x86_64-debian-clang | 0.6.21 | 620.34 | 308.59 | 928.93 | NOTE | |
r-devel-linux-x86_64-debian-gcc | 0.6.21 | 541.23 | 248.21 | 789.44 | NOTE | |
r-devel-linux-x86_64-fedora-clang | 0.6.21 | 1086.30 | NOTE | |||
r-devel-linux-x86_64-fedora-gcc | 0.6.21 | 1341.60 | NOTE | |||
r-devel-windows-x86_64 | 0.6.21 | 986.00 | 403.00 | 1389.00 | NOTE | |
r-patched-linux-x86_64 | 0.6.21 | 459.29 | 327.61 | 786.90 | NOTE | |
r-release-linux-x86_64 | 0.6.21 | 443.97 | 328.13 | 772.10 | NOTE | |
r-release-macos-arm64 | 0.6.21 | 327.00 | NOTE | |||
r-release-macos-x86_64 | 0.6.21 | 524.00 | NOTE | |||
r-release-windows-x86_64 | 0.6.21 | 396.00 | 400.00 | 796.00 | NOTE | |
r-oldrel-macos-arm64 | 0.6.21 | 340.00 | NOTE | |||
r-oldrel-macos-x86_64 | 0.6.21 | 394.00 | NOTE | |||
r-oldrel-windows-ix86+x86_64 | 0.6.21 | 156.00 | 8.00 | 164.00 | ERROR |
Version: 0.6.21
Check: for GNU extensions in Makefiles
Result: NOTE
GNU make is a SystemRequirements.
Flavors: r-devel-linux-x86_64-debian-clang, r-devel-linux-x86_64-debian-gcc, r-devel-linux-x86_64-fedora-clang, r-devel-linux-x86_64-fedora-gcc, r-devel-windows-x86_64, r-patched-linux-x86_64, r-release-linux-x86_64, r-release-macos-arm64, r-release-macos-x86_64, r-release-windows-x86_64, r-oldrel-macos-arm64, r-oldrel-macos-x86_64
Version: 0.6.21
Check: installed package size
Result: NOTE
installed size is 7.9Mb
sub-directories of 1Mb or more:
libs 6.1Mb
Flavors: r-devel-linux-x86_64-fedora-clang, r-devel-windows-x86_64, r-release-macos-arm64, r-release-macos-x86_64, r-release-windows-x86_64, r-oldrel-macos-arm64, r-oldrel-macos-x86_64
Version: 0.6.21
Check: whether package can be installed
Result: ERROR
Installation failed.
Flavor: r-oldrel-windows-ix86+x86_64