Last updated on 2022-08-15 08:49:51 CEST.
Flavor | Version | Tinstall | Tcheck | Ttotal | Status | Flags |
---|---|---|---|---|---|---|
r-devel-linux-x86_64-debian-clang | 1.2 | 58.82 | 41.95 | 100.77 | OK | |
r-devel-linux-x86_64-debian-gcc | 1.2 | 48.24 | 32.31 | 80.55 | OK | |
r-devel-linux-x86_64-fedora-clang | 1.2 | 146.43 | OK | |||
r-devel-linux-x86_64-fedora-gcc | 1.2 | 137.18 | OK | |||
r-devel-windows-x86_64 | 1.2 | 49.00 | 88.00 | 137.00 | OK | |
r-patched-linux-x86_64 | 1.2 | 50.97 | 40.00 | 90.97 | OK | |
r-release-linux-x86_64 | 1.2 | 49.53 | 40.33 | 89.86 | OK | |
r-release-macos-arm64 | 1.2 | 41.00 | NOTE | |||
r-release-macos-x86_64 | 1.2 | 54.00 | NOTE | |||
r-release-windows-x86_64 | 1.2 | 49.00 | 94.00 | 143.00 | OK | |
r-oldrel-macos-arm64 | 1.2 | 49.00 | NOTE | |||
r-oldrel-macos-x86_64 | 1.2 | 84.00 | NOTE | |||
r-oldrel-windows-ix86+x86_64 | 1.2 | 136.00 | 90.00 | 226.00 | OK |
Version: 1.2
Check: installed package size
Result: NOTE
installed size is 5.3Mb
sub-directories of 1Mb or more:
libs 4.4Mb
Flavors: r-release-macos-arm64, r-release-macos-x86_64, r-oldrel-macos-arm64, r-oldrel-macos-x86_64