Last updated on 2022-08-15 08:49:51 CEST.
Flavor | Version | Tinstall | Tcheck | Ttotal | Status | Flags |
---|---|---|---|---|---|---|
r-devel-linux-x86_64-debian-clang | 1.1-8 | 81.37 | 421.04 | 502.41 | OK | |
r-devel-linux-x86_64-debian-gcc | 1.1-8 | 62.32 | 303.61 | 365.93 | OK | |
r-devel-linux-x86_64-fedora-clang | 1.1-8 | 600.82 | NOTE | |||
r-devel-linux-x86_64-fedora-gcc | 1.1-8 | 652.89 | OK | |||
r-devel-windows-x86_64 | 1.1-8 | 108.00 | 411.00 | 519.00 | NOTE | |
r-patched-linux-x86_64 | 1.1-8 | 72.04 | 402.64 | 474.68 | OK | |
r-release-linux-x86_64 | 1.1-8 | 66.16 | 394.59 | 460.75 | OK | |
r-release-macos-arm64 | 1.1-8 | 125.00 | NOTE | |||
r-release-macos-x86_64 | 1.1-8 | 178.00 | NOTE | |||
r-release-windows-x86_64 | 1.1-8 | 141.00 | 428.00 | 569.00 | NOTE | |
r-oldrel-macos-arm64 | 1.1-8 | 116.00 | NOTE | |||
r-oldrel-macos-x86_64 | 1.1-8 | 166.00 | NOTE | |||
r-oldrel-windows-ix86+x86_64 | 1.1-8 | 129.00 | 486.00 | 615.00 | NOTE |
Version: 1.1-8
Check: installed package size
Result: NOTE
installed size is 6.1Mb
sub-directories of 1Mb or more:
R 2.5Mb
data 1.3Mb
doc 1.8Mb
Flavors: r-devel-linux-x86_64-fedora-clang, r-devel-windows-x86_64, r-release-macos-arm64, r-release-macos-x86_64, r-release-windows-x86_64, r-oldrel-macos-arm64, r-oldrel-macos-x86_64, r-oldrel-windows-ix86+x86_64
Version: 1.1-8
Check: Rd cross-references
Result: NOTE
Undeclared package ‘akima’ in Rd xrefs
Flavor: r-devel-linux-x86_64-fedora-clang