Last updated on 2022-08-15 08:49:51 CEST.
Flavor | Version | Tinstall | Tcheck | Ttotal | Status | Flags |
---|---|---|---|---|---|---|
r-devel-linux-x86_64-debian-clang | 1.3.0 | 2.54 | 26.84 | 29.38 | NOTE | |
r-devel-linux-x86_64-debian-gcc | 1.3.0 | 1.40 | 20.56 | 21.96 | NOTE | |
r-devel-linux-x86_64-fedora-clang | 1.3.0 | 46.96 | NOTE | |||
r-devel-linux-x86_64-fedora-gcc | 1.3.0 | 44.79 | NOTE | |||
r-devel-windows-x86_64 | 1.3.0 | 13.00 | 51.00 | 64.00 | NOTE | |
r-patched-linux-x86_64 | 1.3.0 | 2.61 | 26.39 | 29.00 | OK | |
r-release-linux-x86_64 | 1.3.0 | 1.88 | 25.68 | 27.56 | OK | |
r-release-macos-arm64 | 1.3.0 | 17.00 | OK | |||
r-release-macos-x86_64 | 1.3.0 | 25.00 | OK | |||
r-release-windows-x86_64 | 1.3.0 | 4.00 | 49.00 | 53.00 | OK | |
r-oldrel-macos-arm64 | 1.3.0 | 14.00 | OK | |||
r-oldrel-macos-x86_64 | 1.3.0 | 23.00 | OK | |||
r-oldrel-windows-ix86+x86_64 | 1.3.0 | 6.00 | 42.00 | 48.00 | OK |
Version: 1.3.0
Check: Rd files
Result: NOTE
checkRd: (-1) barcode.Rd:52: Escaped LaTeX specials: \&
Flavors: r-devel-linux-x86_64-debian-clang, r-devel-linux-x86_64-debian-gcc, r-devel-linux-x86_64-fedora-clang, r-devel-linux-x86_64-fedora-gcc, r-devel-windows-x86_64
Version: 1.3.0
Check: Rd cross-references
Result: NOTE
Undeclared package ‘YaleToolkit’ in Rd xrefs
Flavor: r-devel-linux-x86_64-fedora-clang