Last updated on 2022-08-15 08:49:51 CEST.
Flavor | Version | Tinstall | Tcheck | Ttotal | Status | Flags |
---|---|---|---|---|---|---|
r-devel-linux-x86_64-debian-clang | 0.0.9 | 6.33 | 27.63 | 33.96 | OK | |
r-devel-linux-x86_64-debian-gcc | 0.0.9 | 4.76 | 22.70 | 27.46 | OK | |
r-devel-linux-x86_64-fedora-clang | 0.0.9 | 53.17 | NOTE | |||
r-devel-linux-x86_64-fedora-gcc | 0.0.9 | 51.71 | NOTE | |||
r-devel-windows-x86_64 | 0.0.9 | 15.00 | 55.00 | 70.00 | OK | |
r-patched-linux-x86_64 | 0.0.9 | 5.90 | 27.62 | 33.52 | OK | |
r-release-linux-x86_64 | 0.0.9 | 5.17 | 27.21 | 32.38 | OK | |
r-release-macos-arm64 | 0.0.9 | 20.00 | NOTE | |||
r-release-macos-x86_64 | 0.0.9 | 30.00 | NOTE | |||
r-release-windows-x86_64 | 0.0.9 | 13.00 | 53.00 | 66.00 | OK | |
r-oldrel-macos-arm64 | 0.0.9 | 27.00 | NOTE | |||
r-oldrel-macos-x86_64 | 0.0.9 | 42.00 | NOTE | |||
r-oldrel-windows-ix86+x86_64 | 0.0.9 | 11.00 | 40.00 | 51.00 | OK |
Version: 0.0.9
Check: data for non-ASCII characters
Result: NOTE
Note: found 13825 marked UTF-8 strings
Flavors: r-devel-linux-x86_64-fedora-clang, r-devel-linux-x86_64-fedora-gcc, r-release-macos-arm64, r-release-macos-x86_64, r-oldrel-macos-arm64, r-oldrel-macos-x86_64