Last updated on 2022-08-15 08:49:51 CEST.
Flavor | Version | Tinstall | Tcheck | Ttotal | Status | Flags |
---|---|---|---|---|---|---|
r-devel-linux-x86_64-debian-clang | 1.0 | 284.70 | 68.88 | 353.58 | OK | |
r-devel-linux-x86_64-debian-gcc | 1.0 | 173.02 | 54.02 | 227.04 | OK | |
r-devel-linux-x86_64-fedora-clang | 1.0 | 470.26 | NOTE | |||
r-devel-linux-x86_64-fedora-gcc | 1.0 | 380.63 | NOTE | |||
r-devel-windows-x86_64 | 1.0 | 142.00 | 138.00 | 280.00 | OK | |
r-patched-linux-x86_64 | 1.0 | 180.48 | 67.16 | 247.64 | OK | |
r-release-linux-x86_64 | 1.0 | 176.76 | 66.70 | 243.46 | OK | |
r-release-macos-arm64 | 1.0 | 94.00 | NOTE | |||
r-release-macos-x86_64 | 1.0 | 149.00 | NOTE | |||
r-release-windows-x86_64 | 1.0 | 141.00 | 133.00 | 274.00 | OK | |
r-oldrel-macos-arm64 | 1.0 | 114.00 | NOTE | |||
r-oldrel-macos-x86_64 | 1.0 | 202.00 | NOTE | |||
r-oldrel-windows-ix86+x86_64 | 1.0 | 410.00 | 161.00 | 571.00 | NOTE |
Version: 1.0
Check: dependencies in R code
Result: NOTE
Namespace in Imports field not imported from: ‘mvnfast’
All declared Imports should be used.
Flavors: r-devel-linux-x86_64-fedora-clang, r-devel-linux-x86_64-fedora-gcc, r-release-macos-arm64, r-release-macos-x86_64, r-oldrel-macos-arm64, r-oldrel-macos-x86_64
Version: 1.0
Check: installed package size
Result: NOTE
installed size is 18.7Mb
sub-directories of 1Mb or more:
libs 18.5Mb
Flavors: r-release-macos-arm64, r-release-macos-x86_64, r-oldrel-macos-arm64, r-oldrel-macos-x86_64, r-oldrel-windows-ix86+x86_64