Last updated on 2022-08-15 08:49:51 CEST.
Flavor | Version | Tinstall | Tcheck | Ttotal | Status | Flags |
---|---|---|---|---|---|---|
r-devel-linux-x86_64-debian-clang | 1.0 | 16.13 | 133.41 | 149.54 | NOTE | |
r-devel-linux-x86_64-debian-gcc | 1.0 | 12.85 | 98.08 | 110.93 | NOTE | |
r-devel-linux-x86_64-fedora-clang | 1.0 | 185.36 | NOTE | |||
r-devel-linux-x86_64-fedora-gcc | 1.0 | 188.18 | NOTE | |||
r-devel-windows-x86_64 | 1.0 | 22.00 | 153.00 | 175.00 | NOTE | |
r-patched-linux-x86_64 | 1.0 | 11.77 | 123.63 | 135.40 | NOTE | |
r-release-linux-x86_64 | 1.0 | 9.61 | 123.19 | 132.80 | NOTE | |
r-release-macos-arm64 | 1.0 | 58.00 | NOTE | |||
r-release-macos-x86_64 | 1.0 | 84.00 | NOTE | |||
r-release-windows-x86_64 | 1.0 | 22.00 | 150.00 | 172.00 | NOTE | |
r-oldrel-macos-arm64 | 1.0 | 59.00 | NOTE | |||
r-oldrel-macos-x86_64 | 1.0 | 71.00 | NOTE | |||
r-oldrel-windows-ix86+x86_64 | 1.0 | 34.00 | 146.00 | 180.00 | NOTE |
Version: 1.0
Check: LazyData
Result: NOTE
'LazyData' is specified without a 'data' directory
Flavors: r-devel-linux-x86_64-debian-clang, r-devel-linux-x86_64-debian-gcc, r-devel-linux-x86_64-fedora-clang, r-devel-linux-x86_64-fedora-gcc, r-devel-windows-x86_64, r-patched-linux-x86_64, r-release-linux-x86_64, r-release-macos-arm64, r-release-macos-x86_64, r-release-windows-x86_64, r-oldrel-macos-arm64, r-oldrel-macos-x86_64, r-oldrel-windows-ix86+x86_64
Version: 1.0
Check: dependencies in R code
Result: NOTE
Namespace in Imports field not imported from: ‘splines’
All declared Imports should be used.
Flavors: r-devel-linux-x86_64-fedora-clang, r-devel-linux-x86_64-fedora-gcc, r-release-macos-arm64, r-release-macos-x86_64, r-oldrel-macos-arm64, r-oldrel-macos-x86_64