Last updated on 2022-08-15 08:49:51 CEST.
Flavor | Version | Tinstall | Tcheck | Ttotal | Status | Flags |
---|---|---|---|---|---|---|
r-devel-linux-x86_64-debian-clang | 0.2.0 | 5.58 | 75.83 | 81.41 | NOTE | |
r-devel-linux-x86_64-debian-gcc | 0.2.0 | 5.08 | 56.23 | 61.31 | NOTE | |
r-devel-linux-x86_64-fedora-clang | 0.2.0 | 105.62 | NOTE | |||
r-devel-linux-x86_64-fedora-gcc | 0.2.0 | 101.99 | NOTE | |||
r-devel-windows-x86_64 | 0.2.0 | 9.00 | 94.00 | 103.00 | NOTE | |
r-patched-linux-x86_64 | 0.2.0 | 4.30 | 70.70 | 75.00 | NOTE | |
r-release-linux-x86_64 | 0.2.0 | 6.01 | 72.21 | 78.22 | NOTE | |
r-release-macos-arm64 | 0.2.0 | 29.00 | NOTE | |||
r-release-macos-x86_64 | 0.2.0 | 41.00 | NOTE | |||
r-release-windows-x86_64 | 0.2.0 | 12.00 | 95.00 | 107.00 | NOTE | |
r-oldrel-macos-arm64 | 0.2.0 | 31.00 | NOTE | |||
r-oldrel-macos-x86_64 | 0.2.0 | 39.00 | NOTE | |||
r-oldrel-windows-ix86+x86_64 | 0.2.0 | 16.00 | 90.00 | 106.00 | NOTE |
Version: 0.2.0
Check: LazyData
Result: NOTE
'LazyData' is specified without a 'data' directory
Flavors: r-devel-linux-x86_64-debian-clang, r-devel-linux-x86_64-debian-gcc, r-devel-linux-x86_64-fedora-clang, r-devel-linux-x86_64-fedora-gcc, r-devel-windows-x86_64, r-patched-linux-x86_64, r-release-linux-x86_64, r-release-macos-arm64, r-release-macos-x86_64, r-release-windows-x86_64, r-oldrel-macos-arm64, r-oldrel-macos-x86_64, r-oldrel-windows-ix86+x86_64