Last updated on 2022-08-15 08:49:51 CEST.
Flavor | Version | Tinstall | Tcheck | Ttotal | Status | Flags |
---|---|---|---|---|---|---|
r-devel-linux-x86_64-debian-clang | 0.1.0 | 7.98 | 278.65 | 286.63 | OK | |
r-devel-linux-x86_64-debian-gcc | 0.1.0 | 4.40 | 204.49 | 208.89 | OK | |
r-devel-linux-x86_64-fedora-clang | 0.1.0 | 339.96 | NOTE | |||
r-devel-linux-x86_64-fedora-gcc | 0.1.0 | 370.46 | NOTE | |||
r-devel-windows-x86_64 | 0.1.0 | 35.00 | 294.00 | 329.00 | OK | |
r-patched-linux-x86_64 | 0.1.0 | 5.72 | 255.20 | 260.92 | OK | |
r-release-linux-x86_64 | 0.1.0 | 4.71 | 256.92 | 261.63 | OK | |
r-release-macos-arm64 | 0.1.0 | 97.00 | NOTE | |||
r-release-macos-x86_64 | 0.1.0 | 151.00 | NOTE | |||
r-release-windows-x86_64 | 0.1.0 | 19.00 | 296.00 | 315.00 | OK | |
r-oldrel-macos-arm64 | 0.1.0 | 90.00 | NOTE | |||
r-oldrel-macos-x86_64 | 0.1.0 | 105.00 | NOTE | |||
r-oldrel-windows-ix86+x86_64 | 0.1.0 | 19.00 | 312.00 | 331.00 | OK |
Version: 0.1.0
Check: dependencies in R code
Result: NOTE
Namespace in Imports field not imported from: ‘vtable’
All declared Imports should be used.
Flavors: r-devel-linux-x86_64-fedora-clang, r-devel-linux-x86_64-fedora-gcc, r-release-macos-arm64, r-release-macos-x86_64, r-oldrel-macos-arm64, r-oldrel-macos-x86_64