Last updated on 2022-08-15 08:49:51 CEST.
Flavor | Version | Tinstall | Tcheck | Ttotal | Status | Flags |
---|---|---|---|---|---|---|
r-devel-linux-x86_64-debian-clang | 1.2.8 | 563.30 | 338.09 | 901.39 | NOTE | |
r-devel-linux-x86_64-debian-gcc | 1.2.8 | 506.31 | 254.47 | 760.78 | NOTE | |
r-devel-linux-x86_64-fedora-clang | 1.2.8 | 1079.30 | NOTE | |||
r-devel-linux-x86_64-fedora-gcc | 1.2.8 | 1269.87 | NOTE | |||
r-devel-windows-x86_64 | 1.2.8 | 1058.00 | 437.00 | 1495.00 | NOTE | |
r-patched-linux-x86_64 | 1.2.8 | 479.43 | 347.66 | 827.09 | NOTE | |
r-release-linux-x86_64 | 1.2.8 | 458.15 | 346.81 | 804.96 | NOTE | |
r-release-macos-arm64 | 1.2.8 | 328.00 | NOTE | |||
r-release-macos-x86_64 | 1.2.8 | 527.00 | NOTE | |||
r-release-windows-x86_64 | 1.2.8 | 482.00 | 442.00 | 924.00 | NOTE | |
r-oldrel-macos-arm64 | 1.2.8 | 350.00 | NOTE | |||
r-oldrel-macos-x86_64 | 1.2.8 | 403.00 | NOTE | |||
r-oldrel-windows-ix86+x86_64 | 1.2.8 | 640.00 | 451.00 | 1091.00 | NOTE |
Version: 1.2.8
Check: for GNU extensions in Makefiles
Result: NOTE
GNU make is a SystemRequirements.
Flavors: r-devel-linux-x86_64-debian-clang, r-devel-linux-x86_64-debian-gcc, r-devel-linux-x86_64-fedora-clang, r-devel-linux-x86_64-fedora-gcc, r-devel-windows-x86_64, r-patched-linux-x86_64, r-release-linux-x86_64, r-release-macos-arm64, r-release-macos-x86_64, r-release-windows-x86_64, r-oldrel-macos-arm64, r-oldrel-macos-x86_64, r-oldrel-windows-ix86+x86_64
Version: 1.2.8
Check: installed package size
Result: NOTE
installed size is 7.4Mb
sub-directories of 1Mb or more:
libs 5.4Mb
Flavors: r-devel-linux-x86_64-fedora-clang, r-devel-windows-x86_64, r-release-macos-arm64, r-release-macos-x86_64, r-release-windows-x86_64, r-oldrel-macos-arm64, r-oldrel-macos-x86_64, r-oldrel-windows-ix86+x86_64
Version: 1.2.8
Check: dependencies in R code
Result: NOTE
Namespaces in Imports field not imported from:
‘scales’ ‘utils’
All declared Imports should be used.
Flavors: r-devel-linux-x86_64-fedora-clang, r-devel-linux-x86_64-fedora-gcc, r-release-macos-arm64, r-release-macos-x86_64, r-oldrel-macos-arm64, r-oldrel-macos-x86_64