Last updated on 2022-08-15 08:49:51 CEST.
Flavor | Version | Tinstall | Tcheck | Ttotal | Status | Flags |
---|---|---|---|---|---|---|
r-devel-linux-x86_64-debian-clang | 0.0.2 | 649.30 | 220.06 | 869.36 | NOTE | |
r-devel-linux-x86_64-debian-gcc | 0.0.2 | 535.37 | 205.40 | 740.77 | NOTE | |
r-devel-linux-x86_64-fedora-clang | 0.0.2 | 996.85 | NOTE | |||
r-devel-linux-x86_64-fedora-gcc | 0.0.2 | 1257.46 | NOTE | |||
r-devel-windows-x86_64 | 0.0.2 | 414.00 | 320.00 | 734.00 | NOTE | |
r-patched-linux-x86_64 | 0.0.2 | 460.77 | 253.77 | 714.54 | NOTE | |
r-release-linux-x86_64 | 0.0.2 | 407.88 | 248.79 | 656.67 | NOTE | |
r-release-macos-arm64 | 0.0.2 | 312.00 | NOTE | |||
r-release-macos-x86_64 | 0.0.2 | 492.00 | NOTE | |||
r-release-windows-x86_64 | 0.0.2 | 414.00 | 333.00 | 747.00 | NOTE | |
r-oldrel-macos-arm64 | 0.0.2 | 318.00 | NOTE | |||
r-oldrel-macos-x86_64 | 0.0.2 | 366.00 | NOTE | |||
r-oldrel-windows-ix86+x86_64 | 0.0.2 | 1268.00 | 530.00 | 1798.00 | NOTE |
Version: 0.0.2
Check: for GNU extensions in Makefiles
Result: NOTE
GNU make is a SystemRequirements.
Flavors: r-devel-linux-x86_64-debian-clang, r-devel-linux-x86_64-debian-gcc, r-devel-linux-x86_64-fedora-clang, r-devel-linux-x86_64-fedora-gcc, r-devel-windows-x86_64, r-patched-linux-x86_64, r-release-linux-x86_64, r-release-macos-arm64, r-release-macos-x86_64, r-release-windows-x86_64, r-oldrel-macos-arm64, r-oldrel-macos-x86_64, r-oldrel-windows-ix86+x86_64
Version: 0.0.2
Check: HTML version of manual
Result: NOTE
Found the following HTML validation problems:
getSamples.html:74:1: Warning: trimming empty <h3>
Flavors: r-devel-linux-x86_64-debian-clang, r-devel-linux-x86_64-debian-gcc, r-devel-linux-x86_64-fedora-clang, r-devel-linux-x86_64-fedora-gcc
Version: 0.0.2
Check: installed package size
Result: NOTE
installed size is 7.3Mb
sub-directories of 1Mb or more:
libs 6.3Mb
Flavors: r-devel-linux-x86_64-fedora-clang, r-devel-windows-x86_64, r-release-macos-arm64, r-release-macos-x86_64, r-release-windows-x86_64, r-oldrel-macos-arm64, r-oldrel-macos-x86_64, r-oldrel-windows-ix86+x86_64
Version: 0.0.2
Check: dependencies in R code
Result: NOTE
Namespaces in Imports field not imported from:
‘MASS’ ‘RcppParallel’ ‘mlbench’ ‘rstantools’
All declared Imports should be used.
Flavors: r-devel-linux-x86_64-fedora-clang, r-devel-linux-x86_64-fedora-gcc, r-release-macos-arm64, r-release-macos-x86_64, r-oldrel-macos-arm64, r-oldrel-macos-x86_64