Last updated on 2022-08-15 08:49:51 CEST.
Flavor | Version | Tinstall | Tcheck | Ttotal | Status | Flags |
---|---|---|---|---|---|---|
r-devel-linux-x86_64-debian-clang | 5.0-3 | 13.75 | 94.00 | 107.75 | OK | |
r-devel-linux-x86_64-debian-gcc | 5.0-3 | 9.07 | 68.67 | 77.74 | OK | |
r-devel-linux-x86_64-fedora-clang | 5.0-3 | 138.15 | NOTE | |||
r-devel-linux-x86_64-fedora-gcc | 5.0-3 | 132.29 | OK | |||
r-devel-windows-x86_64 | 5.0-3 | 573.00 | 133.00 | 706.00 | OK | |
r-patched-linux-x86_64 | 5.0-3 | 10.19 | 87.77 | 97.96 | OK | |
r-release-linux-x86_64 | 5.0-3 | 11.55 | 86.76 | 98.31 | OK | |
r-release-macos-arm64 | 5.0-3 | 41.00 | OK | |||
r-release-macos-x86_64 | 5.0-3 | 64.00 | OK | |||
r-release-windows-x86_64 | 5.0-3 | 695.00 | 142.00 | 837.00 | OK | |
r-oldrel-macos-arm64 | 5.0-3 | 46.00 | OK | |||
r-oldrel-macos-x86_64 | 5.0-3 | 62.00 | OK | |||
r-oldrel-windows-ix86+x86_64 | 5.0-3 | 27.00 | 154.00 | 181.00 | OK |
Version: 5.0-3
Check: Rd cross-references
Result: NOTE
Undeclared packages ‘rworldmap’, ‘snowFT’ in Rd xrefs
Flavor: r-devel-linux-x86_64-fedora-clang