Last updated on 2022-08-15 08:49:51 CEST.
Flavor | Version | Tinstall | Tcheck | Ttotal | Status | Flags |
---|---|---|---|---|---|---|
r-devel-linux-x86_64-debian-clang | 0.3.1 | 78.13 | 75.62 | 153.75 | OK | |
r-devel-linux-x86_64-debian-gcc | 0.3.1 | 69.93 | 56.94 | 126.87 | OK | |
r-devel-linux-x86_64-fedora-clang | 0.3.1 | 229.05 | OK | |||
r-devel-linux-x86_64-fedora-gcc | 0.3.1 | 214.14 | OK | |||
r-devel-windows-x86_64 | 0.3.1 | 86.00 | 119.00 | 205.00 | OK | |
r-patched-linux-x86_64 | 0.3.1 | 74.01 | 71.95 | 145.96 | OK | |
r-release-linux-x86_64 | 0.3.1 | 74.68 | 72.95 | 147.63 | OK | |
r-release-macos-arm64 | 0.3.1 | 66.00 | NOTE | |||
r-release-macos-x86_64 | 0.3.1 | 79.00 | NOTE | |||
r-release-windows-x86_64 | 0.3.1 | 68.00 | 123.00 | 191.00 | OK | |
r-oldrel-macos-arm64 | 0.3.1 | 57.00 | NOTE | |||
r-oldrel-macos-x86_64 | 0.3.1 | 94.00 | NOTE | |||
r-oldrel-windows-ix86+x86_64 | 0.3.1 | 212.00 | 130.00 | 342.00 | OK |
Version: 0.3.1
Check: installed package size
Result: NOTE
installed size is 10.5Mb
sub-directories of 1Mb or more:
libs 9.9Mb
Flavors: r-release-macos-arm64, r-release-macos-x86_64, r-oldrel-macos-arm64, r-oldrel-macos-x86_64