Last updated on 2022-08-15 08:49:51 CEST.
Flavor | Version | Tinstall | Tcheck | Ttotal | Status | Flags |
---|---|---|---|---|---|---|
r-devel-linux-x86_64-debian-clang | 0.0.1.0 | 144.71 | 206.27 | 350.98 | NOTE | |
r-devel-linux-x86_64-debian-gcc | 0.0.1.0 | 131.98 | 157.97 | 289.95 | NOTE | |
r-devel-linux-x86_64-fedora-clang | 0.0.1.0 | 438.12 | NOTE | |||
r-devel-linux-x86_64-fedora-gcc | 0.0.1.0 | 487.18 | NOTE | |||
r-devel-windows-x86_64 | 0.0.1.0 | 127.00 | 288.00 | 415.00 | NOTE | |
r-patched-linux-x86_64 | 0.0.1.0 | 127.48 | 210.97 | 338.45 | NOTE | |
r-release-linux-x86_64 | 0.0.1.0 | 108.29 | 209.34 | 317.63 | NOTE | |
r-release-macos-arm64 | 0.0.1.0 | 127.00 | NOTE | |||
r-release-macos-x86_64 | 0.0.1.0 | 264.00 | NOTE | |||
r-release-windows-x86_64 | 0.0.1.0 | 133.00 | 286.00 | 419.00 | NOTE | |
r-oldrel-macos-arm64 | 0.0.1.0 | 176.00 | NOTE | |||
r-oldrel-macos-x86_64 | 0.0.1.0 | 155.00 | NOTE | |||
r-oldrel-windows-ix86+x86_64 | 0.0.1.0 | 325.00 | 490.00 | 815.00 | NOTE |
Version: 0.0.1.0
Check: for GNU extensions in Makefiles
Result: NOTE
GNU make is a SystemRequirements.
Flavors: r-devel-linux-x86_64-debian-clang, r-devel-linux-x86_64-debian-gcc, r-devel-linux-x86_64-fedora-clang, r-devel-linux-x86_64-fedora-gcc, r-devel-windows-x86_64, r-patched-linux-x86_64, r-release-linux-x86_64, r-release-macos-arm64, r-release-macos-x86_64, r-release-windows-x86_64, r-oldrel-macos-arm64, r-oldrel-macos-x86_64, r-oldrel-windows-ix86+x86_64
Version: 0.0.1.0
Check: dependencies in R code
Result: NOTE
Namespaces in Imports field not imported from:
‘magrittr’ ‘rstantools’
All declared Imports should be used.
Flavors: r-devel-linux-x86_64-fedora-clang, r-devel-linux-x86_64-fedora-gcc, r-release-macos-arm64, r-release-macos-x86_64, r-oldrel-macos-arm64, r-oldrel-macos-x86_64
Version: 0.0.1.0
Check: installed package size
Result: NOTE
installed size is 41.5Mb
sub-directories of 1Mb or more:
libs 39.4Mb
Flavors: r-release-macos-arm64, r-release-macos-x86_64, r-oldrel-macos-arm64, r-oldrel-macos-x86_64, r-oldrel-windows-ix86+x86_64