Last updated on 2022-08-15 08:49:51 CEST.
Flavor | Version | Tinstall | Tcheck | Ttotal | Status | Flags |
---|---|---|---|---|---|---|
r-devel-linux-x86_64-debian-clang | 1.0.1 | 597.63 | 375.72 | 973.35 | NOTE | |
r-devel-linux-x86_64-debian-gcc | 1.0.1 | 504.63 | 307.90 | 812.53 | NOTE | |
r-devel-linux-x86_64-fedora-clang | 1.0.1 | 1071.20 | NOTE | |||
r-devel-linux-x86_64-fedora-gcc | 1.0.1 | 1319.72 | NOTE | |||
r-devel-windows-x86_64 | 1.0.1 | 449.00 | 457.00 | 906.00 | NOTE | |
r-patched-linux-x86_64 | 1.0.1 | 483.59 | 398.54 | 882.13 | NOTE | |
r-release-linux-x86_64 | 1.0.1 | 433.91 | 405.27 | 839.18 | NOTE | |
r-release-macos-arm64 | 1.0.1 | 316.00 | NOTE | |||
r-release-macos-x86_64 | 1.0.1 | 518.00 | NOTE | |||
r-release-windows-x86_64 | 1.0.1 | 483.00 | 463.00 | 946.00 | NOTE | |
r-oldrel-macos-arm64 | 1.0.1 | 491.00 | NOTE | |||
r-oldrel-macos-x86_64 | 1.0.1 | 371.00 | NOTE | |||
r-oldrel-windows-ix86+x86_64 | 1.0.1 | 1184.00 | 577.00 | 1761.00 | NOTE |
Version: 1.0.1
Check: for GNU extensions in Makefiles
Result: NOTE
GNU make is a SystemRequirements.
Flavors: r-devel-linux-x86_64-debian-clang, r-devel-linux-x86_64-debian-gcc, r-devel-linux-x86_64-fedora-clang, r-devel-linux-x86_64-fedora-gcc, r-devel-windows-x86_64, r-patched-linux-x86_64, r-release-linux-x86_64, r-release-macos-arm64, r-release-macos-x86_64, r-release-windows-x86_64, r-oldrel-macos-arm64, r-oldrel-macos-x86_64, r-oldrel-windows-ix86+x86_64
Version: 1.0.1
Check: installed package size
Result: NOTE
installed size is 7.2Mb
sub-directories of 1Mb or more:
libs 5.8Mb
Flavors: r-devel-linux-x86_64-fedora-clang, r-devel-windows-x86_64, r-release-macos-arm64, r-release-macos-x86_64, r-release-windows-x86_64, r-oldrel-macos-arm64, r-oldrel-macos-x86_64, r-oldrel-windows-ix86+x86_64
Version: 1.0.1
Check: dependencies in R code
Result: NOTE
Namespaces in Imports field not imported from:
‘RcppParallel’ ‘StanHeaders’ ‘astsa’
All declared Imports should be used.
Flavors: r-devel-linux-x86_64-fedora-clang, r-devel-linux-x86_64-fedora-gcc, r-release-macos-arm64, r-release-macos-x86_64, r-oldrel-macos-arm64, r-oldrel-macos-x86_64