Last updated on 2022-08-15 08:49:51 CEST.
Flavor | Version | Tinstall | Tcheck | Ttotal | Status | Flags |
---|---|---|---|---|---|---|
r-devel-linux-x86_64-debian-clang | 1.0.1 | 218.08 | 61.49 | 279.57 | NOTE | |
r-devel-linux-x86_64-debian-gcc | 1.0.1 | 178.95 | 43.68 | 222.63 | NOTE | |
r-devel-linux-x86_64-fedora-clang | 1.0.1 | 411.78 | NOTE | |||
r-devel-linux-x86_64-fedora-gcc | 1.0.1 | 378.08 | NOTE | |||
r-devel-windows-x86_64 | 1.0.1 | 163.00 | 130.00 | 293.00 | NOTE | |
r-patched-linux-x86_64 | 1.0.1 | 194.53 | 55.15 | 249.68 | NOTE | |
r-release-linux-x86_64 | 1.0.1 | 200.27 | 56.17 | 256.44 | NOTE | |
r-release-macos-arm64 | 1.0.1 | 108.00 | NOTE | |||
r-release-macos-x86_64 | 1.0.1 | 140.00 | NOTE | |||
r-release-windows-x86_64 | 1.0.1 | 162.00 | 134.00 | 296.00 | NOTE | |
r-oldrel-macos-arm64 | 1.0.1 | 102.00 | NOTE | |||
r-oldrel-macos-x86_64 | 1.0.1 | 143.00 | NOTE | |||
r-oldrel-windows-ix86+x86_64 | 1.0.1 | 546.00 | 144.00 | 690.00 | NOTE |
Version: 1.0.1
Check: for GNU extensions in Makefiles
Result: NOTE
GNU make is a SystemRequirements.
Flavors: r-devel-linux-x86_64-debian-clang, r-devel-linux-x86_64-debian-gcc, r-devel-linux-x86_64-fedora-clang, r-devel-linux-x86_64-fedora-gcc, r-devel-windows-x86_64, r-patched-linux-x86_64, r-release-linux-x86_64, r-release-macos-arm64, r-release-macos-x86_64, r-release-windows-x86_64, r-oldrel-macos-arm64, r-oldrel-macos-x86_64, r-oldrel-windows-ix86+x86_64
Version: 1.0.1
Check: installed package size
Result: NOTE
installed size is 8.8Mb
sub-directories of 1Mb or more:
libs 8.6Mb
Flavors: r-release-macos-arm64, r-release-macos-x86_64, r-oldrel-macos-arm64, r-oldrel-macos-x86_64