Last updated on 2022-08-15 08:49:51 CEST.
Flavor | Version | Tinstall | Tcheck | Ttotal | Status | Flags |
---|---|---|---|---|---|---|
r-devel-linux-x86_64-debian-clang | 1.0.1 | 5.19 | 51.69 | 56.88 | OK | |
r-devel-linux-x86_64-debian-gcc | 1.0.1 | 3.85 | 39.58 | 43.43 | OK | |
r-devel-linux-x86_64-fedora-clang | 1.0.1 | 80.58 | NOTE | |||
r-devel-linux-x86_64-fedora-gcc | 1.0.1 | 79.16 | NOTE | |||
r-devel-windows-x86_64 | 1.0.1 | 24.00 | 95.00 | 119.00 | OK | |
r-patched-linux-x86_64 | 1.0.1 | 5.31 | 48.92 | 54.23 | OK | |
r-release-linux-x86_64 | 1.0.1 | 5.50 | 49.57 | 55.07 | OK | |
r-release-macos-arm64 | 1.0.1 | 29.00 | OK | |||
r-release-macos-x86_64 | 1.0.1 | 34.00 | OK | |||
r-release-windows-x86_64 | 1.0.1 | 29.00 | 94.00 | 123.00 | OK | |
r-oldrel-macos-arm64 | 1.0.1 | 36.00 | OK | |||
r-oldrel-macos-x86_64 | 1.0.1 | 47.00 | OK | |||
r-oldrel-windows-ix86+x86_64 | 1.0.1 | 11.00 | 87.00 | 98.00 | NOTE |
Version: 1.0.1
Check: compiled code
Result: NOTE
File ‘bayesloglin/libs/bayesloglin.so’:
Found no calls to: ‘R_registerRoutines’, ‘R_useDynamicSymbols’
It is good practice to register native routines and to disable symbol
search.
See ‘Writing portable packages’ in the ‘Writing R Extensions’ manual.
Flavors: r-devel-linux-x86_64-fedora-clang, r-devel-linux-x86_64-fedora-gcc
Version: 1.0.1
Check: DESCRIPTION meta-information
Result: NOTE
NeedsCompilation field should likely be 'yes'
Flavor: r-oldrel-windows-ix86+x86_64