Last updated on 2022-08-15 08:49:51 CEST.
Flavor | Version | Tinstall | Tcheck | Ttotal | Status | Flags |
---|---|---|---|---|---|---|
r-devel-linux-x86_64-debian-clang | 0.0.2 | 18.09 | 258.95 | 277.04 | NOTE | |
r-devel-linux-x86_64-debian-gcc | 0.0.2 | 13.77 | 188.83 | 202.60 | NOTE | |
r-devel-linux-x86_64-fedora-clang | 0.0.2 | 350.83 | NOTE | |||
r-devel-linux-x86_64-fedora-gcc | 0.0.2 | 342.78 | NOTE | |||
r-devel-windows-x86_64 | 0.0.2 | 76.00 | 282.00 | 358.00 | NOTE | |
r-patched-linux-x86_64 | 0.0.2 | 19.79 | 243.24 | 263.03 | OK | |
r-release-linux-x86_64 | 0.0.2 | 17.91 | 242.23 | 260.14 | OK | |
r-release-macos-arm64 | 0.0.2 | 91.00 | NOTE | |||
r-release-macos-x86_64 | 0.0.2 | 158.00 | NOTE | |||
r-release-windows-x86_64 | 0.0.2 | 67.00 | 283.00 | 350.00 | OK | |
r-oldrel-macos-arm64 | 0.0.2 | 98.00 | NOTE | |||
r-oldrel-macos-x86_64 | 0.0.2 | 124.00 | NOTE | |||
r-oldrel-windows-ix86+x86_64 | 0.0.2 | 38.00 | 282.00 | 320.00 | OK |
Version: 0.0.2
Check: package subdirectories
Result: NOTE
Problems with news in 'NEWS.md':
No news entries found.
Flavors: r-devel-linux-x86_64-debian-clang, r-devel-linux-x86_64-debian-gcc, r-devel-linux-x86_64-fedora-clang, r-devel-linux-x86_64-fedora-gcc, r-devel-windows-x86_64
Version: 0.0.2
Check: Rd files
Result: NOTE
checkRd: (-1) pulse_of_the_nation.Rd:10: Escaped LaTeX specials: \$
Flavors: r-devel-linux-x86_64-debian-clang, r-devel-linux-x86_64-debian-gcc, r-devel-linux-x86_64-fedora-clang, r-devel-linux-x86_64-fedora-gcc, r-devel-windows-x86_64
Version: 0.0.2
Check: data for non-ASCII characters
Result: NOTE
Note: found 1924 marked UTF-8 strings
Flavors: r-devel-linux-x86_64-fedora-clang, r-devel-linux-x86_64-fedora-gcc, r-release-macos-arm64, r-release-macos-x86_64, r-oldrel-macos-arm64, r-oldrel-macos-x86_64