Last updated on 2022-08-15 08:49:51 CEST.
Flavor | Version | Tinstall | Tcheck | Ttotal | Status | Flags |
---|---|---|---|---|---|---|
r-devel-linux-x86_64-debian-clang | 0.1.0 | 16.72 | 147.65 | 164.37 | OK | |
r-devel-linux-x86_64-debian-gcc | 0.1.0 | 14.80 | 109.70 | 124.50 | OK | |
r-devel-linux-x86_64-fedora-clang | 0.1.0 | 212.53 | NOTE | |||
r-devel-linux-x86_64-fedora-gcc | 0.1.0 | 209.03 | NOTE | |||
r-devel-windows-x86_64 | 0.1.0 | 49.00 | 157.00 | 206.00 | OK | |
r-patched-linux-x86_64 | 0.1.0 | 16.48 | 137.37 | 153.85 | OK | |
r-release-linux-x86_64 | 0.1.0 | 16.01 | 138.05 | 154.06 | OK | |
r-release-macos-arm64 | 0.1.0 | 53.00 | NOTE | |||
r-release-macos-x86_64 | 0.1.0 | 88.00 | NOTE | |||
r-release-windows-x86_64 | 0.1.0 | 40.00 | 162.00 | 202.00 | OK | |
r-oldrel-macos-arm64 | 0.1.0 | 64.00 | NOTE | |||
r-oldrel-macos-x86_64 | 0.1.0 | 70.00 | NOTE | |||
r-oldrel-windows-ix86+x86_64 | 0.1.0 | 39.00 | 157.00 | 196.00 | OK |
Version: 0.1.0
Check: dependencies in R code
Result: NOTE
Namespaces in Imports field not imported from:
‘ggfortify’ ‘ggplot2’ ‘matrixStats’ ‘reshape2’ ‘scales’
All declared Imports should be used.
Flavors: r-devel-linux-x86_64-fedora-clang, r-devel-linux-x86_64-fedora-gcc, r-release-macos-arm64, r-release-macos-x86_64, r-oldrel-macos-arm64, r-oldrel-macos-x86_64