Last updated on 2022-08-15 08:49:51 CEST.
Flavor | Version | Tinstall | Tcheck | Ttotal | Status | Flags |
---|---|---|---|---|---|---|
r-devel-linux-x86_64-debian-clang | 1.0-5 | 45.17 | 102.25 | 147.42 | OK | |
r-devel-linux-x86_64-debian-gcc | 1.0-5 | 36.08 | 78.54 | 114.62 | OK | |
r-devel-linux-x86_64-fedora-clang | 1.0-5 | 189.15 | OK | |||
r-devel-linux-x86_64-fedora-gcc | 1.0-5 | 177.72 | OK | |||
r-devel-windows-x86_64 | 1.0-5 | 64.00 | 141.00 | 205.00 | OK | |
r-patched-linux-x86_64 | 1.0-5 | 39.22 | 98.19 | 137.41 | OK | |
r-release-linux-x86_64 | 1.0-5 | 36.24 | 96.59 | 132.83 | OK | |
r-release-macos-arm64 | 1.0-5 | 69.00 | NOTE | |||
r-release-macos-x86_64 | 1.0-5 | 82.00 | NOTE | |||
r-release-windows-x86_64 | 1.0-5 | 55.00 | 147.00 | 202.00 | OK | |
r-oldrel-macos-arm64 | 1.0-5 | 48.00 | NOTE | |||
r-oldrel-macos-x86_64 | 1.0-5 | 50.00 | NOTE | |||
r-oldrel-windows-ix86+x86_64 | 1.0-5 | 110.00 | 156.00 | 266.00 | OK |
Version: 1.0-5
Check: package dependencies
Result: NOTE
Package suggested but not available for checking: ‘webshot2’
Flavors: r-release-macos-arm64, r-release-macos-x86_64, r-oldrel-macos-arm64, r-oldrel-macos-x86_64