Last updated on 2022-08-15 08:49:51 CEST.
Flavor | Version | Tinstall | Tcheck | Ttotal | Status | Flags |
---|---|---|---|---|---|---|
r-devel-linux-x86_64-debian-clang | 0.11.1 | 8.89 | 93.17 | 102.06 | NOTE | |
r-devel-linux-x86_64-debian-gcc | 0.11.1 | 7.67 | 70.20 | 77.87 | NOTE | |
r-devel-linux-x86_64-fedora-clang | 0.11.1 | 135.35 | NOTE | |||
r-devel-linux-x86_64-fedora-gcc | 0.11.1 | 140.63 | NOTE | |||
r-devel-windows-x86_64 | 0.11.1 | 20.00 | 121.00 | 141.00 | NOTE | |
r-patched-linux-x86_64 | 0.11.1 | 6.01 | 90.65 | 96.66 | NOTE | |
r-release-linux-x86_64 | 0.11.1 | 5.88 | 87.40 | 93.28 | NOTE | |
r-release-macos-arm64 | 0.11.1 | 38.00 | NOTE | |||
r-release-macos-x86_64 | 0.11.1 | 55.00 | NOTE | |||
r-release-windows-x86_64 | 0.11.1 | 16.00 | 123.00 | 139.00 | NOTE | |
r-oldrel-macos-arm64 | 0.11.1 | 214.00 | NOTE | |||
r-oldrel-macos-x86_64 | 0.11.1 | 54.00 | NOTE | |||
r-oldrel-windows-ix86+x86_64 | 0.11.1 | 24.00 | 139.00 | 163.00 | NOTE |
Version: 0.11.1
Check: package dependencies
Result: NOTE
Packages suggested but not available for checking:
'kBET', 'lisi', 'dlfUtils'
Flavors: r-devel-linux-x86_64-debian-clang, r-devel-linux-x86_64-debian-gcc, r-devel-linux-x86_64-fedora-clang, r-devel-linux-x86_64-fedora-gcc, r-devel-windows-x86_64, r-patched-linux-x86_64, r-release-linux-x86_64, r-release-macos-arm64, r-release-macos-x86_64, r-release-windows-x86_64, r-oldrel-macos-arm64, r-oldrel-macos-x86_64, r-oldrel-windows-ix86+x86_64
Version: 0.11.1
Check: dependencies in R code
Result: NOTE
Namespace in Imports field not imported from: ‘splatter’
All declared Imports should be used.
Flavors: r-devel-linux-x86_64-fedora-clang, r-devel-linux-x86_64-fedora-gcc, r-release-macos-arm64, r-release-macos-x86_64, r-oldrel-macos-arm64, r-oldrel-macos-x86_64