Last updated on 2022-08-15 08:49:51 CEST.
Flavor | Version | Tinstall | Tcheck | Ttotal | Status | Flags |
---|---|---|---|---|---|---|
r-devel-linux-x86_64-debian-clang | 1.1.1 | 39.13 | 380.61 | 419.74 | WARN | |
r-devel-linux-x86_64-debian-gcc | 1.1.1 | 34.62 | 275.80 | 310.42 | OK | |
r-devel-linux-x86_64-fedora-clang | 1.1.1 | 495.57 | NOTE | |||
r-devel-linux-x86_64-fedora-gcc | 1.1.1 | 518.66 | OK | |||
r-devel-windows-x86_64 | 1.1.1 | 64.00 | 379.00 | 443.00 | NOTE | |
r-patched-linux-x86_64 | 1.1.1 | 35.50 | 361.63 | 397.13 | OK | |
r-release-linux-x86_64 | 1.1.1 | 27.92 | 354.31 | 382.23 | OK | |
r-release-macos-arm64 | 1.1.1 | 107.00 | NOTE | |||
r-release-macos-x86_64 | 1.1.1 | 158.00 | NOTE | |||
r-release-windows-x86_64 | 1.1.1 | 73.00 | 374.00 | 447.00 | NOTE | |
r-oldrel-macos-arm64 | 1.1.1 | 113.00 | NOTE | |||
r-oldrel-macos-x86_64 | 1.1.1 | 175.00 | NOTE | |||
r-oldrel-windows-ix86+x86_64 | 1.1.1 | 88.00 | 438.00 | 526.00 | NOTE |
Version: 1.1.1
Check: whether package can be installed
Result: WARN
Found the following significant warnings:
Warning: unable to re-encode 'bdc_clean_names.R' line 934
Flavor: r-devel-linux-x86_64-debian-clang
Version: 1.1.1
Check: installed package size
Result: NOTE
installed size is 5.1Mb
sub-directories of 1Mb or more:
doc 3.6Mb
extdata 1.1Mb
Flavors: r-devel-linux-x86_64-fedora-clang, r-devel-windows-x86_64, r-release-macos-arm64, r-release-macos-x86_64, r-release-windows-x86_64, r-oldrel-macos-arm64, r-oldrel-macos-x86_64, r-oldrel-windows-ix86+x86_64