Last updated on 2022-08-15 08:49:51 CEST.
Flavor | Version | Tinstall | Tcheck | Ttotal | Status | Flags |
---|---|---|---|---|---|---|
r-devel-linux-x86_64-debian-clang | 0.1.7 | 14.22 | 113.25 | 127.47 | OK | |
r-devel-linux-x86_64-debian-gcc | 0.1.7 | 10.69 | 83.00 | 93.69 | OK | |
r-devel-linux-x86_64-fedora-clang | 0.1.7 | 160.80 | NOTE | |||
r-devel-linux-x86_64-fedora-gcc | 0.1.7 | 159.34 | NOTE | |||
r-devel-windows-x86_64 | 0.1.7 | 57.00 | 131.00 | 188.00 | OK | |
r-patched-linux-x86_64 | 0.1.7 | 15.22 | 104.97 | 120.19 | OK | |
r-release-linux-x86_64 | 0.1.7 | 10.51 | 105.92 | 116.43 | OK | |
r-release-macos-arm64 | 0.1.7 | 44.00 | NOTE | |||
r-release-macos-x86_64 | 0.1.7 | 77.00 | NOTE | |||
r-release-windows-x86_64 | 0.1.7 | 56.00 | 135.00 | 191.00 | OK | |
r-oldrel-macos-arm64 | 0.1.7 | 53.00 | NOTE | |||
r-oldrel-macos-x86_64 | 0.1.7 | 59.00 | NOTE | |||
r-oldrel-windows-ix86+x86_64 | 0.1.7 | 36.00 | 145.00 | 181.00 | OK |
Version: 0.1.7
Check: data for non-ASCII characters
Result: NOTE
Note: found 72 marked UTF-8 strings
Flavors: r-devel-linux-x86_64-fedora-clang, r-devel-linux-x86_64-fedora-gcc, r-release-macos-arm64, r-release-macos-x86_64, r-oldrel-macos-arm64, r-oldrel-macos-x86_64