Last updated on 2022-08-15 08:49:51 CEST.
Flavor | Version | Tinstall | Tcheck | Ttotal | Status | Flags |
---|---|---|---|---|---|---|
r-devel-linux-x86_64-debian-clang | 1.0.4 | 1.73 | 28.58 | 30.31 | NOTE | |
r-devel-linux-x86_64-debian-gcc | 1.0.4 | 2.28 | 21.89 | 24.17 | NOTE | |
r-devel-linux-x86_64-fedora-clang | 1.0.4 | 48.67 | NOTE | |||
r-devel-linux-x86_64-fedora-gcc | 1.0.4 | 47.04 | NOTE | |||
r-devel-windows-x86_64 | 1.0.4 | 10.00 | 53.00 | 63.00 | NOTE | |
r-patched-linux-x86_64 | 1.0.4 | 2.23 | 28.20 | 30.43 | NOTE | |
r-release-linux-x86_64 | 1.0.4 | 2.40 | 28.52 | 30.92 | NOTE | |
r-release-macos-arm64 | 1.0.4 | 18.00 | NOTE | |||
r-release-macos-x86_64 | 1.0.4 | 25.00 | NOTE | |||
r-release-windows-x86_64 | 1.0.4 | 10.00 | 52.00 | 62.00 | NOTE | |
r-oldrel-macos-arm64 | 1.0.4 | 16.00 | NOTE | |||
r-oldrel-macos-x86_64 | 1.0.4 | 28.00 | NOTE | |||
r-oldrel-windows-ix86+x86_64 | 1.0.4 | 8.00 | 56.00 | 64.00 | NOTE |
Version: 1.0.4
Check: LazyData
Result: NOTE
'LazyData' is specified without a 'data' directory
Flavors: r-devel-linux-x86_64-debian-clang, r-devel-linux-x86_64-debian-gcc, r-devel-linux-x86_64-fedora-clang, r-devel-linux-x86_64-fedora-gcc, r-devel-windows-x86_64, r-patched-linux-x86_64, r-release-linux-x86_64, r-release-macos-arm64, r-release-macos-x86_64, r-release-windows-x86_64, r-oldrel-macos-arm64, r-oldrel-macos-x86_64, r-oldrel-windows-ix86+x86_64
Version: 1.0.4
Check: for non-standard things in the check directory
Result: NOTE
Found the following files/directories:
'dump.txt'
Flavors: r-devel-linux-x86_64-debian-clang, r-devel-linux-x86_64-debian-gcc, r-devel-linux-x86_64-fedora-clang, r-devel-linux-x86_64-fedora-gcc, r-patched-linux-x86_64, r-release-linux-x86_64