Last updated on 2022-08-15 08:49:51 CEST.
Flavor | Version | Tinstall | Tcheck | Ttotal | Status | Flags |
---|---|---|---|---|---|---|
r-devel-linux-x86_64-debian-clang | 0.4.1 | 34.01 | 481.83 | 515.84 | OK | |
r-devel-linux-x86_64-debian-gcc | 0.4.1 | 27.51 | 355.47 | 382.98 | OK | |
r-devel-linux-x86_64-fedora-clang | 0.4.1 | 609.07 | NOTE | |||
r-devel-linux-x86_64-fedora-gcc | 0.4.1 | 603.57 | NOTE | |||
r-devel-windows-x86_64 | 0.4.1 | 168.00 | 495.00 | 663.00 | OK | |
r-patched-linux-x86_64 | 0.4.1 | 22.17 | 461.52 | 483.69 | OK | |
r-release-linux-x86_64 | 0.4.1 | 25.63 | 461.58 | 487.21 | OK | |
r-release-macos-arm64 | 0.4.1 | 152.00 | NOTE | |||
r-release-macos-x86_64 | 0.4.1 | 262.00 | OK | |||
r-release-windows-x86_64 | 0.4.1 | 132.00 | 485.00 | 617.00 | OK | |
r-oldrel-macos-arm64 | 0.4.1 | 149.00 | OK | |||
r-oldrel-macos-x86_64 | 0.4.1 | 198.00 | OK | |||
r-oldrel-windows-ix86+x86_64 | 0.4.1 | 67.00 | 499.00 | 566.00 | OK |
Version: 0.4.1
Check: package dependencies
Result: NOTE
Package suggested but not available for checking: ‘flowCore’
Flavors: r-devel-linux-x86_64-fedora-clang, r-devel-linux-x86_64-fedora-gcc, r-release-macos-arm64