Last updated on 2022-08-15 08:49:51 CEST.
Flavor | Version | Tinstall | Tcheck | Ttotal | Status | Flags |
---|---|---|---|---|---|---|
r-devel-linux-x86_64-debian-clang | 1.3-6 | 5.72 | 107.21 | 112.93 | NOTE | |
r-devel-linux-x86_64-debian-gcc | 1.3-6 | 5.72 | 79.69 | 85.41 | NOTE | |
r-devel-linux-x86_64-fedora-clang | 1.3-6 | 144.38 | NOTE | |||
r-devel-linux-x86_64-fedora-gcc | 1.3-6 | 149.96 | NOTE | |||
r-devel-windows-x86_64 | 1.3-6 | 36.00 | 136.00 | 172.00 | OK | |
r-patched-linux-x86_64 | 1.3-6 | 8.37 | 98.63 | 107.00 | OK | |
r-release-linux-x86_64 | 1.3-6 | 7.22 | 96.42 | 103.64 | OK | |
r-release-macos-arm64 | 1.3-6 | 41.00 | OK | |||
r-release-macos-x86_64 | 1.3-6 | 82.00 | OK | |||
r-release-windows-x86_64 | 1.3-6 | 27.00 | 136.00 | 163.00 | OK | |
r-oldrel-macos-arm64 | 1.3-6 | 49.00 | OK | |||
r-oldrel-macos-x86_64 | 1.3-6 | 72.00 | OK | |||
r-oldrel-windows-ix86+x86_64 | 1.3-6 | 17.00 | 123.00 | 140.00 | OK |
Version: 1.3-6
Check: HTML version of manual
Result: NOTE
Found the following HTML validation problems:
hill.html:23:30: Warning: <em> is probably intended as </em>
hill.html:25:72: Warning: discarding unexpected </em>
hill.html:28:23: Warning: discarding unexpected </em>
Flavors: r-devel-linux-x86_64-debian-clang, r-devel-linux-x86_64-debian-gcc, r-devel-linux-x86_64-fedora-clang, r-devel-linux-x86_64-fedora-gcc