Last updated on 2022-08-15 08:49:51 CEST.
Flavor | Version | Tinstall | Tcheck | Ttotal | Status | Flags |
---|---|---|---|---|---|---|
r-devel-linux-x86_64-debian-clang | 1.21.14 | 11.19 | 112.71 | 123.90 | OK | |
r-devel-linux-x86_64-debian-gcc | 1.21.14 | 8.42 | 83.74 | 92.16 | OK | |
r-devel-linux-x86_64-fedora-clang | 1.21.14 | 160.58 | NOTE | |||
r-devel-linux-x86_64-fedora-gcc | 1.21.14 | 152.29 | OK | |||
r-devel-windows-x86_64 | 1.21.14 | 232.00 | 152.00 | 384.00 | OK | |
r-patched-linux-x86_64 | 1.21.14 | 15.06 | 102.81 | 117.87 | OK | |
r-release-linux-x86_64 | 1.21.14 | 9.34 | 100.10 | 109.44 | OK | |
r-release-macos-arm64 | 1.21.14 | 66.00 | OK | |||
r-release-macos-x86_64 | 1.21.14 | 91.00 | OK | |||
r-release-windows-x86_64 | 1.21.14 | 277.00 | 149.00 | 426.00 | OK | |
r-oldrel-macos-arm64 | 1.21.14 | 60.00 | OK | |||
r-oldrel-macos-x86_64 | 1.21.14 | 92.00 | OK | |||
r-oldrel-windows-ix86+x86_64 | 1.21.14 | 19.00 | 141.00 | 160.00 | OK |
Version: 1.21.14
Check: Rd cross-references
Result: NOTE
Undeclared package ‘zoo’ in Rd xrefs
Flavor: r-devel-linux-x86_64-fedora-clang