Last updated on 2022-08-15 08:49:51 CEST.
Flavor | Version | Tinstall | Tcheck | Ttotal | Status | Flags |
---|---|---|---|---|---|---|
r-devel-linux-x86_64-debian-clang | 0.9.6 | 36.98 | 394.15 | 431.13 | OK | |
r-devel-linux-x86_64-debian-gcc | 0.9.6 | 29.21 | 285.11 | 314.32 | OK | |
r-devel-linux-x86_64-fedora-clang | 0.9.6 | 500.56 | NOTE | |||
r-devel-linux-x86_64-fedora-gcc | 0.9.6 | 543.82 | NOTE | |||
r-devel-windows-x86_64 | 0.9.6 | 42.00 | 407.00 | 449.00 | OK | |
r-patched-linux-x86_64 | 0.9.6 | 41.06 | 380.66 | 421.72 | OK | |
r-release-linux-x86_64 | 0.9.6 | 31.40 | 368.28 | 399.68 | OK | |
r-release-macos-arm64 | 0.9.6 | 118.00 | NOTE | |||
r-release-macos-x86_64 | 0.9.6 | 155.00 | NOTE | |||
r-release-windows-x86_64 | 0.9.6 | 42.00 | 418.00 | 460.00 | OK | |
r-oldrel-macos-arm64 | 0.9.6 | 88.00 | NOTE | |||
r-oldrel-macos-x86_64 | 0.9.6 | 142.00 | NOTE | |||
r-oldrel-windows-ix86+x86_64 | 0.9.6 | 90.00 | 379.00 | 469.00 | OK |
Version: 0.9.6
Check: data for non-ASCII characters
Result: NOTE
Note: found 10089 marked Latin-1 strings
Flavors: r-devel-linux-x86_64-fedora-clang, r-devel-linux-x86_64-fedora-gcc, r-release-macos-arm64, r-release-macos-x86_64, r-oldrel-macos-arm64, r-oldrel-macos-x86_64