Last updated on 2022-08-15 08:49:51 CEST.
Flavor | Version | Tinstall | Tcheck | Ttotal | Status | Flags |
---|---|---|---|---|---|---|
r-devel-linux-x86_64-debian-clang | 0.2.0 | 7.32 | 44.03 | 51.35 | NOTE | |
r-devel-linux-x86_64-debian-gcc | 0.2.0 | 5.75 | 32.88 | 38.63 | NOTE | |
r-devel-linux-x86_64-fedora-clang | 0.2.0 | 74.15 | NOTE | |||
r-devel-linux-x86_64-fedora-gcc | 0.2.0 | 74.41 | NOTE | |||
r-devel-windows-x86_64 | 0.2.0 | 46.00 | 76.00 | 122.00 | OK | |
r-patched-linux-x86_64 | 0.2.0 | 8.63 | 39.33 | 47.96 | OK | |
r-release-linux-x86_64 | 0.2.0 | 7.27 | 38.64 | 45.91 | OK | |
r-release-macos-arm64 | 0.2.0 | 26.00 | OK | |||
r-release-macos-x86_64 | 0.2.0 | 33.00 | OK | |||
r-release-windows-x86_64 | 0.2.0 | 40.00 | 67.00 | 107.00 | OK | |
r-oldrel-macos-arm64 | 0.2.0 | 24.00 | OK | |||
r-oldrel-macos-x86_64 | 0.2.0 | 33.00 | OK | |||
r-oldrel-windows-ix86+x86_64 | 0.2.0 | 15.00 | 63.00 | 78.00 | OK |
Version: 0.2.0
Check: HTML version of manual
Result: NOTE
Found the following HTML validation problems:
bggCollection.html:70:6: Warning: missing </span> before <p>
bggCollection.html:70:93: Warning: inserting implicit <span>
bggCollection.html:73:6: Warning: missing </span> before <p>
bggCollection.html:73:92: Warning: inserting implicit <span>
bggCollection.html:76:6: Warning: missing </span> before <p>
bggCollection.html:76:103: Warning: inserting implicit <span>
bggCollection.html:70:6: Warning: trimming empty <span>
bggCollection.html:73:6: Warning: trimming empty <span>
bggCollection.html:76:6: Warning: trimming empty <span>
bggGames.html:68:6: Warning: missing </span> before <p>
bggGames.html:68:93: Warning: inserting implicit <span>
bggGames.html:71:6: Warning: missing </span> before <p>
bggGames.html:71:92: Warning: inserting implicit <span>
bggGames.html:74:6: Warning: missing </span> before <p>
bggGames.html:74:103: Warning: inserting implicit <span>
bggGames.html:68:6: Warning: trimming empty <span>
bggGames.html:71:6: Warning: trimming empty <span>
bggGames.html:74:6: Warning: trimming empty <span>
bggSearch.html:77:6: Warning: missing </span> before <p>
bggSearch.html:77:93: Warning: inserting implicit <span>
bggSearch.html:80:6: Warning: missing </span> before <p>
bggSearch.html:80:92: Warning: inserting implicit <span>
bggSearch.html:83:6: Warning: missing </span> before <p>
bggSearch.html:83:103: Warning: inserting implicit <span>
bggSearch.html:77:6: Warning: trimming empty <span>
bggSearch.html:80:6: Warning: trimming empty <span>
bggSearch.html:83:6: Warning: trimming empty <span>
Flavors: r-devel-linux-x86_64-debian-clang, r-devel-linux-x86_64-debian-gcc, r-devel-linux-x86_64-fedora-clang, r-devel-linux-x86_64-fedora-gcc