Last updated on 2022-08-15 08:49:51 CEST.
Flavor | Version | Tinstall | Tcheck | Ttotal | Status | Flags |
---|---|---|---|---|---|---|
r-devel-linux-x86_64-debian-clang | 0.0.6 | 3.40 | 34.52 | 37.92 | OK | |
r-devel-linux-x86_64-debian-gcc | 0.0.6 | 3.14 | 27.12 | 30.26 | OK | |
r-devel-linux-x86_64-fedora-clang | 0.0.6 | 58.29 | NOTE | |||
r-devel-linux-x86_64-fedora-gcc | 0.0.6 | 55.34 | NOTE | |||
r-devel-windows-x86_64 | 0.0.6 | 16.00 | 59.00 | 75.00 | OK | |
r-patched-linux-x86_64 | 0.0.6 | 4.48 | 34.11 | 38.59 | OK | |
r-release-linux-x86_64 | 0.0.6 | 3.82 | 34.05 | 37.87 | OK | |
r-release-macos-arm64 | 0.0.6 | 20.00 | NOTE | |||
r-release-macos-x86_64 | 0.0.6 | 27.00 | NOTE | |||
r-release-windows-x86_64 | 0.0.6 | 15.00 | 59.00 | 74.00 | OK | |
r-oldrel-macos-arm64 | 0.0.6 | 16.00 | NOTE | |||
r-oldrel-macos-x86_64 | 0.0.6 | 29.00 | NOTE | |||
r-oldrel-windows-ix86+x86_64 | 0.0.6 | 7.00 | 53.00 | 60.00 | OK |
Version: 0.0.6
Check: data for non-ASCII characters
Result: NOTE
Note: found 1904 marked UTF-8 strings
Flavors: r-devel-linux-x86_64-fedora-clang, r-devel-linux-x86_64-fedora-gcc, r-release-macos-arm64, r-release-macos-x86_64, r-oldrel-macos-arm64, r-oldrel-macos-x86_64