Last updated on 2022-08-15 08:49:51 CEST.
Flavor | Version | Tinstall | Tcheck | Ttotal | Status | Flags |
---|---|---|---|---|---|---|
r-devel-linux-x86_64-debian-clang | 0.1.0 | 3.44 | 46.33 | 49.77 | OK | |
r-devel-linux-x86_64-debian-gcc | 0.1.0 | 2.71 | 37.18 | 39.89 | OK | |
r-devel-linux-x86_64-fedora-clang | 0.1.0 | 67.04 | NOTE | |||
r-devel-linux-x86_64-fedora-gcc | 0.1.0 | 61.79 | NOTE | |||
r-devel-windows-x86_64 | 0.1.0 | 34.00 | 71.00 | 105.00 | OK | |
r-patched-linux-x86_64 | 0.1.0 | 3.72 | 43.71 | 47.43 | OK | |
r-release-linux-x86_64 | 0.1.0 | 2.35 | 42.38 | 44.73 | OK | |
r-release-macos-arm64 | 0.1.0 | 24.00 | NOTE | |||
r-release-macos-x86_64 | 0.1.0 | 30.00 | NOTE | |||
r-release-windows-x86_64 | 0.1.0 | 20.00 | 73.00 | 93.00 | OK | |
r-oldrel-macos-arm64 | 0.1.0 | 25.00 | NOTE | |||
r-oldrel-macos-x86_64 | 0.1.0 | 38.00 | NOTE | |||
r-oldrel-windows-ix86+x86_64 | 0.1.0 | 7.00 | 56.00 | 63.00 | OK |
Version: 0.1.0
Check: data for non-ASCII characters
Result: NOTE
Note: found 99 marked UTF-8 strings
Flavors: r-devel-linux-x86_64-fedora-clang, r-devel-linux-x86_64-fedora-gcc, r-release-macos-arm64, r-release-macos-x86_64, r-oldrel-macos-arm64, r-oldrel-macos-x86_64