Last updated on 2022-08-15 08:49:51 CEST.
Flavor | Version | Tinstall | Tcheck | Ttotal | Status | Flags |
---|---|---|---|---|---|---|
r-devel-linux-x86_64-debian-clang | 1.1.1 | 3.70 | 31.86 | 35.56 | NOTE | |
r-devel-linux-x86_64-debian-gcc | 1.1.1 | 2.50 | 24.46 | 26.96 | NOTE | |
r-devel-linux-x86_64-fedora-clang | 1.1.1 | 54.41 | NOTE | |||
r-devel-linux-x86_64-fedora-gcc | 1.1.1 | 51.83 | NOTE | |||
r-devel-windows-x86_64 | 1.1.1 | 11.00 | 53.00 | 64.00 | NOTE | |
r-patched-linux-x86_64 | 1.1.1 | 3.70 | 30.94 | 34.64 | OK | |
r-release-linux-x86_64 | 1.1.1 | 2.73 | 30.41 | 33.14 | OK | |
r-release-macos-arm64 | 1.1.1 | 17.00 | OK | |||
r-release-macos-x86_64 | 1.1.1 | 27.00 | OK | |||
r-release-windows-x86_64 | 1.1.1 | 17.00 | 53.00 | 70.00 | OK | |
r-oldrel-macos-arm64 | 1.1.1 | 21.00 | OK | |||
r-oldrel-macos-x86_64 | 1.1.1 | 26.00 | OK | |||
r-oldrel-windows-ix86+x86_64 | 1.1.1 | 7.00 | 52.00 | 59.00 | OK |
Version: 1.1.1
Check: Rd files
Result: NOTE
checkRd: (-1) Jeffreysbs.Rd:17: Escaped LaTeX specials: \&
Flavors: r-devel-linux-x86_64-debian-clang, r-devel-linux-x86_64-debian-gcc, r-devel-linux-x86_64-fedora-clang, r-devel-linux-x86_64-fedora-gcc, r-devel-windows-x86_64